{"id":8691,"date":"2022-06-19T23:14:32","date_gmt":"2022-06-19T21:14:32","guid":{"rendered":"https:\/\/wroniszewska.pl\/skinroom\/?page_id=8691"},"modified":"2022-08-18T09:41:59","modified_gmt":"2022-08-18T07:41:59","slug":"skora-sucha-atopia","status":"publish","type":"page","link":"https:\/\/wroniszewska.pl\/skinroom\/twoj-problem\/skora-sucha-atopia\/","title":{"rendered":"Sk\u00f3ra sucha\/atopia"},"content":{"rendered":"<p>[vc_row][vc_column]<div class=\"heading  header-subheader align-left color-black subcolor-main transform-default has-subheader theme-icon-second icon-type-default heading-tag-h2\" id=\"like_sc_header_319973609\"><h2 class=\"subheader ltx-sr-id-like_sc_header_319973609643592249 ltx-sr ltx-sr-effect-fade_in ltx-sr-el-block ltx-sr-delay-100 ltx-sr-duration-300 ltx-sr-sequences-50\">Problem<\/h2><h2 class=\"header ltx-sr-id-like_sc_header_319973609114666702 ltx-sr ltx-sr-effect-fade_in ltx-sr-el-block ltx-sr-delay-0 ltx-sr-duration-1000 ltx-sr-sequences-0\">Sk\u00f3ra sucha\/atopia<\/h2><\/div>[\/vc_column][\/vc_row][vc_row][vc_column][vc_column_text]<strong>Sucha sk\u00f3ra stanowi problem wielu os\u00f3b, bez wzgl\u0119du na wiek i p\u0142e\u0107. Objawia si\u0119 nieprzyjemnym \u015bci\u0105gni\u0119ciem, szorstko\u015bci\u0105, a cz\u0119sto r\u00f3wnie\u017c \u0142uszczeniem si\u0119 sk\u00f3ry. <\/strong>[\/vc_column_text][vc_column_text]Zwykle sk\u00f3ra sucha jest cienka, ma\u0142o elastyczna i ma sk\u0142onno\u015b\u0107 do podra\u017cnie\u0144. Gdy w sk\u00f3rze wyst\u0119puj\u0105 deficyty wody, a naturalna warstwa ochronna jaka jest p\u0142aszcz hydrolipidowy jest uszkodzony, nie stanowi ona pe\u0142nej ochrony przed czynnikami zewn\u0119trznymi. Wp\u0142ywa to niestety na szybsze pojawianie si\u0119 zmarszczek i szybsze starzenie. Dlatego o taka sk\u00f3r\u0119 trzeba dba\u0107 wyj\u0105tkowo. Sk\u00f3ra sucha rzadko jest problemem wrodzonym, zwykle pojawia si\u0119 z wiekiem i obejmuje nie tylko obszar twarzy, ale r\u00f3wnie\u017c ca\u0142ego cia\u0142a.[\/vc_column_text][\/vc_column][\/vc_row][vc_row full_width=&#8221;stretch_row&#8221; css=&#8221;.vc_custom_1655708690004{margin-top: 60px !important;margin-bottom: 60px !important;background-color: #f9f1ec !important;}&#8221;][vc_column][vc_row_inner][vc_column_inner][vc_column_text]G\u0142\u00f3wn\u0105 przyczyn\u0105 suchej sk\u00f3ry jest mechaniczne uszkodzenie p\u0142aszcza hydrolipidowego nask\u00f3rka, kt\u00f3ry ma za zadanie utrzymywa\u0107 odpowiedni poziom wody. Ekspozycja na s\u0142o\u0144ce, promieniowanie UV, przebywanie w klimatyzowanych lub ogrzewanych centralnie pomieszczeniach, nieodpowiednia piel\u0119gnacja cery oraz przyjmowanie niekt\u00f3rych lek\u00f3w to g\u0142\u00f3wne przyczyny suchej sk\u00f3ry. Brak podstawowych witamin i sk\u0142adnik\u00f3w od\u017cywczych w diecie r\u00f3wnie\u017c odbija si\u0119 na kondycji sk\u00f3ry i prowadzi do jej przesuszenia. Co wi\u0119cej, sucha sk\u00f3ra mo\u017ce by\u0107 pierwszym objawem istniej\u0105cych chor\u00f3b takich jak cukrzyca, niewydolno\u015b\u0107 nerek czy nieprawid\u0142owo\u015bci w funkcjonowaniu tarczycy. Nie mo\u017cna zapomnie\u0107 r\u00f3wnie\u017c, \u017ce jest ona stanem towarzysz\u0105cym fizjologicznemu starzeniu si\u0119 sk\u00f3ry.[\/vc_column_text][\/vc_column_inner][\/vc_row_inner][\/vc_column][\/vc_row][vc_row][vc_column][vc_column_text]Istnienie wiele zabieg\u00f3w pomagaj\u0105cych przywr\u00f3ci\u0107 odpowiednie nawil\u017cenie i ukojenie dla suchej sk\u00f3ry. Indywidualnie dobrane zabiegi przez kosmetologa a tak\u017ce zalecana piel\u0119gnacja pozabiegowa pozwala na uzyskanie zadawalaj\u0105cych efekt\u00f3w. Dedykowane zabiegi dla sk\u00f3ry suchej to mezoterapia r\u00f3\u017cnego rodzaju \u2013 ig\u0142owa, mikroig\u0142owa, kt\u00f3ra ma na celu dostarczenie niezb\u0119dnych sk\u0142adnik\u00f3w od\u017cywczych w g\u0142\u0105b sk\u00f3ry. S\u0105 to przede wszystkim koktajle witaminowe i kwas hialuronowy. Dobre efekty przy problemie sk\u00f3ry suchej daje r\u00f3wnie\u017c fotoodm\u0142adzanie i na\u015bwietlanie sk\u00f3ry lamp\u0105 LED o odpowiednich parametrach. Sk\u00f3ra sucha wymaga delikatnego traktowania, dlatego istotne jest, aby zabiegi i piel\u0119gnacja dobierane by\u0142y indywidualnie do problemu sk\u00f3rnego pacjenta.[\/vc_column_text][\/vc_column][\/vc_row][vc_row][vc_column]<div class=\"heading  header-subheader align-center color-black subcolor-main transform-default has-subheader theme-icon-second icon-type-default heading-tag-h2\" id=\"like_sc_header_259681212\"><h2 class=\"subheader ltx-sr-id-like_sc_header_259681212888591205 ltx-sr ltx-sr-effect-fade_in ltx-sr-el-block ltx-sr-delay-100 ltx-sr-duration-300 ltx-sr-sequences-50\">Zalecane<\/h2><h2 class=\"header ltx-sr-id-like_sc_header_2596812121321626360 ltx-sr ltx-sr-effect-fade_in ltx-sr-el-block ltx-sr-delay-0 ltx-sr-duration-1000 ltx-sr-sequences-0\">Zabiegi<\/h2><\/div><div class=\"services-sc  layout-list ltx-style-gray\"  id=\"like_sc_services_94582103\"><div class=\"ltx-list-wrap\">\t\t\t<article id=\"post-9427\" class=\"post-9427 services type-services status-publish hentry services-category-peelingi-medyczne services-category-prewencja-zabiegi-healthy-aging services-category-przebarwienia services-category-skora-sucha-atopia services-category-starzenie-sie-skory-zmarszczki services-category-tradzik-doroslych-blizny services-category-utrata-jedrnosci\" >\r\n\t\t\t    <a href=\"https:\/\/wroniszewska.pl\/skinroom\/services\/lh-hero-peel\/\">\r\n\t\t        \t<h4 class=\"header\">\r\n\t\t        \t\tLH Hero Peel\t\t\t\t        \t\r\n\t\t        \t<\/h4>\r\n\t\t        <\/a>\r\n\t\t\t    <div class=\"descr\">\r\n\t\t\t\t\t\t\t\t\t        \t\r\n\t\t\t    <\/div>\r\n\t\t\t    <a href=\"https:\/\/wroniszewska.pl\/skinroom\/services\/lh-hero-peel\/\" class=\"btn btn-xs btn-black\">SZCZEG\u00d3\u0141Y<\/a>\t\t\t<\/article>\r\n\t\t\t\t\t\t<article id=\"post-9430\" class=\"post-9430 services type-services status-publish hentry services-category-cera-naczynkowa services-category-peelingi-medyczne services-category-prewencja-zabiegi-healthy-aging services-category-przebarwienia services-category-skora-sucha-atopia services-category-starzenie-sie-skory-zmarszczki services-category-tradzik-doroslych-blizny services-category-tradzik-rozowaty-rumien services-category-utrata-jedrnosci services-category-zabiegi-w-okresie-ciazy\" >\r\n\t\t\t    <a href=\"https:\/\/wroniszewska.pl\/skinroom\/services\/lh-polite-peel\/\">\r\n\t\t        \t<h4 class=\"header\">\r\n\t\t        \t\tLH Polite Peel\t\t\t\t        \t\r\n\t\t        \t<\/h4>\r\n\t\t        <\/a>\r\n\t\t\t    <div class=\"descr\">\r\n\t\t\t\t\t\t\t\t\t        \t\r\n\t\t\t    <\/div>\r\n\t\t\t    <a href=\"https:\/\/wroniszewska.pl\/skinroom\/services\/lh-polite-peel\/\" class=\"btn btn-xs btn-black\">SZCZEG\u00d3\u0141Y<\/a>\t\t\t<\/article>\r\n\t\t\t\t\t\t<article id=\"post-9426\" class=\"post-9426 services type-services status-publish hentry services-category-cera-naczynkowa services-category-kosmetologia-estetyczna services-category-obrzeki-i-cienie-pod-oczami services-category-prewencja-zabiegi-healthy-aging services-category-przebarwienia services-category-skora-sucha-atopia services-category-starzenie-sie-skory-zmarszczki services-category-tradzik-doroslych-blizny services-category-utrata-jedrnosci\" >\r\n\t\t\t    <a href=\"https:\/\/wroniszewska.pl\/skinroom\/services\/osocze-bogatoplytkowe-fibryna\/\">\r\n\t\t        \t<h4 class=\"header\">\r\n\t\t        \t\tOsocze bogatop\u0142ytkowe + fibryna\t\t\t\t        \t\r\n\t\t        \t<\/h4>\r\n\t\t        <\/a>\r\n\t\t\t    <div class=\"descr\">\r\n\t\t\t\t\t\t\t\t\t        \t\r\n\t\t\t    <\/div>\r\n\t\t\t    <a href=\"https:\/\/wroniszewska.pl\/skinroom\/services\/osocze-bogatoplytkowe-fibryna\/\" class=\"btn btn-xs btn-black\">SZCZEG\u00d3\u0141Y<\/a>\t\t\t<\/article>\r\n\t\t\t\t\t\t<article id=\"post-9409\" class=\"post-9409 services type-services status-publish hentry services-category-cera-naczynkowa services-category-konsultacja-kosmetologiczna services-category-obrzeki-i-cienie-pod-oczami services-category-prewencja-zabiegi-healthy-aging services-category-przebarwienia services-category-skora-sucha-atopia services-category-starzenie-sie-skory-zmarszczki services-category-tradzik-doroslych-blizny services-category-tradzik-mlodzienczy services-category-tradzik-rozowaty-rumien services-category-utrata-jedrnosci services-category-zabiegi-w-okresie-ciazy\" >\r\n\t\t\t    <a href=\"https:\/\/wroniszewska.pl\/skinroom\/services\/komputerowa-analiza-skory-observ-520x\/\">\r\n\t\t        \t<h4 class=\"header\">\r\n\t\t        \t\tKomputerowa analiza sk\u00f3ry Observ 520x\t\t\t\t        \t\r\n\t\t        \t<\/h4>\r\n\t\t        <\/a>\r\n\t\t\t    <div class=\"descr\">\r\n\t\t\t\t\t\t\t\t\t        \t\r\n\t\t\t    <\/div>\r\n\t\t\t    <a href=\"https:\/\/wroniszewska.pl\/skinroom\/services\/komputerowa-analiza-skory-observ-520x\/\" class=\"btn btn-xs btn-black\">SZCZEG\u00d3\u0141Y<\/a>\t\t\t<\/article>\r\n\t\t\t\t\t\t<article id=\"post-9396\" class=\"post-9396 services type-services status-publish hentry services-category-cera-naczynkowa services-category-kosmetologia-estetyczna services-category-obrzeki-i-cienie-pod-oczami services-category-prewencja-zabiegi-healthy-aging services-category-przebarwienia services-category-skora-sucha-atopia services-category-starzenie-sie-skory-zmarszczki services-category-tradzik-doroslych-blizny services-category-tradzik-mlodzienczy services-category-utrata-jedrnosci\" >\r\n\t\t\t    <a href=\"https:\/\/wroniszewska.pl\/skinroom\/services\/radiofrekwencja-mikroiglowa\/\">\r\n\t\t        \t<h4 class=\"header\">\r\n\t\t        \t\tRadiofrekwencja Mikroig\u0142owa\t\t\t\t        \t\r\n\t\t        \t<\/h4>\r\n\t\t        <\/a>\r\n\t\t\t    <div class=\"descr\">\r\n\t\t\t\t\t\t\t\t\t        \t\r\n\t\t\t    <\/div>\r\n\t\t\t    <a href=\"https:\/\/wroniszewska.pl\/skinroom\/services\/radiofrekwencja-mikroiglowa\/\" class=\"btn btn-xs btn-black\">SZCZEG\u00d3\u0141Y<\/a>\t\t\t<\/article>\r\n\t\t\t\t\t\t<article id=\"post-8637\" class=\"post-8637 services type-services status-publish hentry services-category-dermokosmetologia services-category-skora-sucha-atopia services-category-utrata-jedrnosci\" >\r\n\t\t\t    <a href=\"https:\/\/wroniszewska.pl\/skinroom\/services\/arma-lift-terapia-skory-dojrzalej\/\">\r\n\t\t        \t<h4 class=\"header\">\r\n\t\t        \t\tARMA-LIFT \u2013 terapia sk\u00f3ry dojrza\u0142ej\t\t\t\t        \t\r\n\t\t        \t<\/h4>\r\n\t\t        <\/a>\r\n\t\t\t    <div class=\"descr\">\r\n\t\t\t\t\t\t\t\t\t        \t\r\n\t\t\t    <\/div>\r\n\t\t\t    <a href=\"https:\/\/wroniszewska.pl\/skinroom\/services\/arma-lift-terapia-skory-dojrzalej\/\" class=\"btn btn-xs btn-black\">SZCZEG\u00d3\u0141Y<\/a>\t\t\t<\/article>\r\n\t\t\t\t\t\t<article id=\"post-8642\" class=\"post-8642 services type-services status-publish hentry services-category-cera-naczynkowa services-category-dermokosmetologia services-category-prewencja-zabiegi-healthy-aging services-category-skora-sucha-atopia services-category-starzenie-sie-skory-zmarszczki services-category-zabiegi-w-okresie-ciazy\" >\r\n\t\t\t    <a href=\"https:\/\/wroniszewska.pl\/skinroom\/services\/hydra-fill-glebokie-nawilzanie\/\">\r\n\t\t        \t<h4 class=\"header\">\r\n\t\t        \t\tHYDRA-FILL &#8211; g\u0142\u0119bokie nawil\u017canie\t\t\t\t        \t\r\n\t\t        \t<\/h4>\r\n\t\t        <\/a>\r\n\t\t\t    <div class=\"descr\">\r\n\t\t\t\t\t\t\t\t\t        \t\r\n\t\t\t    <\/div>\r\n\t\t\t    <a href=\"https:\/\/wroniszewska.pl\/skinroom\/services\/hydra-fill-glebokie-nawilzanie\/\" class=\"btn btn-xs btn-black\">SZCZEG\u00d3\u0141Y<\/a>\t\t\t<\/article>\r\n\t\t\t\t\t\t<article id=\"post-9016\" class=\"post-9016 services type-services status-publish hentry services-category-peelingi-medyczne services-category-przebarwienia services-category-skora-sucha-atopia services-category-starzenie-sie-skory-zmarszczki services-category-tradzik-doroslych-blizny services-category-tradzik-mlodzienczy services-category-utrata-jedrnosci\" >\r\n\t\t\t    <a href=\"https:\/\/wroniszewska.pl\/skinroom\/services\/pca-enzymatic-treatment\/\">\r\n\t\t        \t<h4 class=\"header\">\r\n\t\t        \t\tPCA ENZYMATIC TREATMENT\t\t\t\t        \t\r\n\t\t        \t<\/h4>\r\n\t\t        <\/a>\r\n\t\t\t    <div class=\"descr\">\r\n\t\t\t\t\t\t\t\t\t        \t\r\n\t\t\t    <\/div>\r\n\t\t\t    <a href=\"https:\/\/wroniszewska.pl\/skinroom\/services\/pca-enzymatic-treatment\/\" class=\"btn btn-xs btn-black\">SZCZEG\u00d3\u0141Y<\/a>\t\t\t<\/article>\r\n\t\t\t\t\t\t<article id=\"post-8657\" class=\"post-8657 services type-services status-publish hentry services-category-cera-naczynkowa services-category-peelingi-medyczne services-category-skora-sucha-atopia services-category-tradzik-rozowaty-rumien services-category-utrata-jedrnosci\" >\r\n\t\t\t    <a href=\"https:\/\/wroniszewska.pl\/skinroom\/services\/pca-nopeel-peel\/\">\r\n\t\t        \t<h4 class=\"header\">\r\n\t\t        \t\tPCA NoPeel Peel\t\t\t\t        \t\r\n\t\t        \t<\/h4>\r\n\t\t        <\/a>\r\n\t\t\t    <div class=\"descr\">\r\n\t\t\t\t\t\t\t\t\t        \t\r\n\t\t\t    <\/div>\r\n\t\t\t    <a href=\"https:\/\/wroniszewska.pl\/skinroom\/services\/pca-nopeel-peel\/\" class=\"btn btn-xs btn-black\">SZCZEG\u00d3\u0141Y<\/a>\t\t\t<\/article>\r\n\t\t\t\t\t\t<article id=\"post-8659\" class=\"post-8659 services type-services status-publish hentry services-category-peelingi-medyczne services-category-prewencja-zabiegi-healthy-aging services-category-skora-sucha-atopia services-category-starzenie-sie-skory-zmarszczki services-category-tradzik-doroslych-blizny services-category-utrata-jedrnosci services-category-zabiegi-w-okresie-ciazy\" >\r\n\t\t\t    <a href=\"https:\/\/wroniszewska.pl\/skinroom\/services\/pca-oxygenating-trio\/\">\r\n\t\t        \t<h4 class=\"header\">\r\n\t\t        \t\tPCA Oxygenating Trio\t\t\t\t        \t\r\n\t\t        \t<\/h4>\r\n\t\t        <\/a>\r\n\t\t\t    <div class=\"descr\">\r\n\t\t\t\t\t\t\t\t\t        \t\r\n\t\t\t    <\/div>\r\n\t\t\t    <a href=\"https:\/\/wroniszewska.pl\/skinroom\/services\/pca-oxygenating-trio\/\" class=\"btn btn-xs btn-black\">SZCZEG\u00d3\u0141Y<\/a>\t\t\t<\/article>\r\n\t\t\t\t\t\t<article id=\"post-8871\" class=\"post-8871 services type-services status-publish hentry services-category-kosmetologia-estetyczna services-category-skora-sucha-atopia services-category-starzenie-sie-skory-zmarszczki services-category-tradzik-doroslych-blizny services-category-tradzik-mlodzienczy services-category-utrata-jedrnosci\" >\r\n\t\t\t    <a href=\"https:\/\/wroniszewska.pl\/skinroom\/services\/celluma-pro-medyczna-terapia-swiatlem-led\/\">\r\n\t\t        \t<h4 class=\"header\">\r\n\t\t        \t\tMedyczna terapia \u015bwiat\u0142em LED\t\t\t\t        \t\r\n\t\t        \t<\/h4>\r\n\t\t        <\/a>\r\n\t\t\t    <div class=\"descr\">\r\n\t\t\t\t\t\t\t\t\t        \t\r\n\t\t\t    <\/div>\r\n\t\t\t    <a href=\"https:\/\/wroniszewska.pl\/skinroom\/services\/celluma-pro-medyczna-terapia-swiatlem-led\/\" class=\"btn btn-xs btn-black\">SZCZEG\u00d3\u0141Y<\/a>\t\t\t<\/article>\r\n\t\t\t\t\t\t<article id=\"post-8645\" class=\"post-8645 services type-services status-publish hentry services-category-laseroterapia services-category-skora-sucha-atopia services-category-starzenie-sie-skory-zmarszczki services-category-utrata-jedrnosci\" >\r\n\t\t\t    <a href=\"https:\/\/wroniszewska.pl\/skinroom\/services\/laserowe-fotoodmladzanie\/\">\r\n\t\t        \t<h4 class=\"header\">\r\n\t\t        \t\tLaserowe Fotoodm\u0142adzanie\t\t\t\t        \t\r\n\t\t        \t<\/h4>\r\n\t\t        <\/a>\r\n\t\t\t    <div class=\"descr\">\r\n\t\t\t\t\t\t\t\t\t        \t\r\n\t\t\t    <\/div>\r\n\t\t\t    <a href=\"https:\/\/wroniszewska.pl\/skinroom\/services\/laserowe-fotoodmladzanie\/\" class=\"btn btn-xs btn-black\">SZCZEG\u00d3\u0141Y<\/a>\t\t\t<\/article>\r\n\t\t\t<\/div><\/div>[\/vc_column][\/vc_row]<\/p>\n","protected":false},"excerpt":{"rendered":"<p>[vc_row][vc_column][\/vc_column][\/vc_row][vc_row][vc_column][vc_column_text]Sucha sk\u00f3ra stanowi problem wielu os\u00f3b, bez wzgl\u0119du na wiek i p\u0142e\u0107. Objawia si\u0119 nieprzyjemnym \u015bci\u0105gni\u0119ciem, szorstko\u015bci\u0105, a cz\u0119sto r\u00f3wnie\u017c \u0142uszczeniem si\u0119 sk\u00f3ry. [\/vc_column_text][vc_column_text]Zwykle sk\u00f3ra sucha jest cienka, ma\u0142o elastyczna i ma sk\u0142onno\u015b\u0107 do podra\u017cnie\u0144. Gdy w sk\u00f3rze wyst\u0119puj\u0105 deficyty wody, a naturalna warstwa ochronna jaka jest p\u0142aszcz hydrolipidowy jest uszkodzony, nie stanowi ona pe\u0142nej ochrony przed czynnikami zewn\u0119trznymi. Wp\u0142ywa to niestety na szybsze pojawianie si\u0119 zmarszczek i szybsze starzenie. Dlatego o taka sk\u00f3r\u0119 trzeba dba\u0107 wyj\u0105tkowo. Sk\u00f3ra sucha rzadko jest problemem wrodzonym, zwykle pojawia si\u0119 z wiekiem i obejmuje nie tylko obszar twarzy, ale r\u00f3wnie\u017c ca\u0142ego cia\u0142a.[\/vc_column_text][\/vc_column][\/vc_row][vc_row full_width=&#8221;stretch_row&#8221; css=&#8221;.vc_custom_1655708690004{margin-top: 60px !important;margin-bottom: 60px !important;background-color: #f9f1ec !important;}&#8221;][vc_column][vc_row_inner][vc_column_inner][vc_column_text]G\u0142\u00f3wn\u0105 przyczyn\u0105 suchej sk\u00f3ry jest mechaniczne uszkodzenie p\u0142aszcza hydrolipidowego nask\u00f3rka, kt\u00f3ry ma za zadanie utrzymywa\u0107 odpowiedni poziom wody. Ekspozycja na s\u0142o\u0144ce, promieniowanie UV, przebywanie w klimatyzowanych lub ogrzewanych centralnie pomieszczeniach, nieodpowiednia piel\u0119gnacja cery oraz przyjmowanie niekt\u00f3rych lek\u00f3w to g\u0142\u00f3wne przyczyny suchej sk\u00f3ry. Brak podstawowych witamin [&hellip;]<\/p>\n","protected":false},"author":1,"featured_media":0,"parent":9151,"menu_order":0,"comment_status":"closed","ping_status":"closed","template":"","meta":[],"acf":[],"yoast_head":"<!-- This site is optimized with the Yoast SEO plugin v19.3 - https:\/\/yoast.com\/wordpress\/plugins\/seo\/ -->\n<title>Sk\u00f3ra sucha\/atopia - Skin Room Wroniszewska<\/title>\n<meta name=\"robots\" content=\"index, follow, max-snippet:-1, max-image-preview:large, max-video-preview:-1\" \/>\n<link rel=\"canonical\" href=\"https:\/\/wroniszewska.pl\/skinroom\/twoj-problem\/skora-sucha-atopia\/\" \/>\n<meta property=\"og:locale\" content=\"pl_PL\" \/>\n<meta property=\"og:type\" content=\"article\" \/>\n<meta property=\"og:title\" content=\"Sk\u00f3ra sucha\/atopia - Skin Room Wroniszewska\" \/>\n<meta property=\"og:description\" content=\"[vc_row][vc_column][\/vc_column][\/vc_row][vc_row][vc_column][vc_column_text]Sucha sk\u00f3ra stanowi problem wielu os\u00f3b, bez wzgl\u0119du na wiek i p\u0142e\u0107. Objawia si\u0119 nieprzyjemnym \u015bci\u0105gni\u0119ciem, szorstko\u015bci\u0105, a cz\u0119sto r\u00f3wnie\u017c \u0142uszczeniem si\u0119 sk\u00f3ry. [\/vc_column_text][vc_column_text]Zwykle sk\u00f3ra sucha jest cienka, ma\u0142o elastyczna i ma sk\u0142onno\u015b\u0107 do podra\u017cnie\u0144. Gdy w sk\u00f3rze wyst\u0119puj\u0105 deficyty wody, a naturalna warstwa ochronna jaka jest p\u0142aszcz hydrolipidowy jest uszkodzony, nie stanowi ona pe\u0142nej ochrony przed czynnikami zewn\u0119trznymi. Wp\u0142ywa to niestety na szybsze pojawianie si\u0119 zmarszczek i szybsze starzenie. Dlatego o taka sk\u00f3r\u0119 trzeba dba\u0107 wyj\u0105tkowo. Sk\u00f3ra sucha rzadko jest problemem wrodzonym, zwykle pojawia si\u0119 z wiekiem i obejmuje nie tylko obszar twarzy, ale r\u00f3wnie\u017c ca\u0142ego cia\u0142a.[\/vc_column_text][\/vc_column][\/vc_row][vc_row full_width=&#8221;stretch_row&#8221; css=&#8221;.vc_custom_1655708690004{margin-top: 60px !important;margin-bottom: 60px !important;background-color: #f9f1ec !important;}&#8221;][vc_column][vc_row_inner][vc_column_inner][vc_column_text]G\u0142\u00f3wn\u0105 przyczyn\u0105 suchej sk\u00f3ry jest mechaniczne uszkodzenie p\u0142aszcza hydrolipidowego nask\u00f3rka, kt\u00f3ry ma za zadanie utrzymywa\u0107 odpowiedni poziom wody. Ekspozycja na s\u0142o\u0144ce, promieniowanie UV, przebywanie w klimatyzowanych lub ogrzewanych centralnie pomieszczeniach, nieodpowiednia piel\u0119gnacja cery oraz przyjmowanie niekt\u00f3rych lek\u00f3w to g\u0142\u00f3wne przyczyny suchej sk\u00f3ry. Brak podstawowych witamin [&hellip;]\" \/>\n<meta property=\"og:url\" content=\"https:\/\/wroniszewska.pl\/skinroom\/twoj-problem\/skora-sucha-atopia\/\" \/>\n<meta property=\"og:site_name\" content=\"Skin Room Wroniszewska\" \/>\n<meta property=\"article:modified_time\" content=\"2022-08-18T07:41:59+00:00\" \/>\n<meta name=\"twitter:card\" content=\"summary_large_image\" \/>\n<meta name=\"twitter:label1\" content=\"Szacowany czas czytania\" \/>\n\t<meta name=\"twitter:data1\" content=\"2 minuty\" \/>\n<script type=\"application\/ld+json\" class=\"yoast-schema-graph\">{\"@context\":\"https:\/\/schema.org\",\"@graph\":[{\"@type\":\"WebSite\",\"@id\":\"https:\/\/wroniszewska.pl\/skinroom\/#website\",\"url\":\"https:\/\/wroniszewska.pl\/skinroom\/\",\"name\":\"Skin Room Wroniszewska\",\"description\":\"Gabinet kosmetologii estetycznej i leczniczej\",\"potentialAction\":[{\"@type\":\"SearchAction\",\"target\":{\"@type\":\"EntryPoint\",\"urlTemplate\":\"https:\/\/wroniszewska.pl\/skinroom\/?s={search_term_string}\"},\"query-input\":\"required name=search_term_string\"}],\"inLanguage\":\"pl-PL\"},{\"@type\":\"WebPage\",\"@id\":\"https:\/\/wroniszewska.pl\/skinroom\/twoj-problem\/skora-sucha-atopia\/\",\"url\":\"https:\/\/wroniszewska.pl\/skinroom\/twoj-problem\/skora-sucha-atopia\/\",\"name\":\"Sk\u00f3ra sucha\/atopia - Skin Room Wroniszewska\",\"isPartOf\":{\"@id\":\"https:\/\/wroniszewska.pl\/skinroom\/#website\"},\"datePublished\":\"2022-06-19T21:14:32+00:00\",\"dateModified\":\"2022-08-18T07:41:59+00:00\",\"breadcrumb\":{\"@id\":\"https:\/\/wroniszewska.pl\/skinroom\/twoj-problem\/skora-sucha-atopia\/#breadcrumb\"},\"inLanguage\":\"pl-PL\",\"potentialAction\":[{\"@type\":\"ReadAction\",\"target\":[\"https:\/\/wroniszewska.pl\/skinroom\/twoj-problem\/skora-sucha-atopia\/\"]}]},{\"@type\":\"BreadcrumbList\",\"@id\":\"https:\/\/wroniszewska.pl\/skinroom\/twoj-problem\/skora-sucha-atopia\/#breadcrumb\",\"itemListElement\":[{\"@type\":\"ListItem\",\"position\":1,\"name\":\"Strona g\u0142\u00f3wna\",\"item\":\"https:\/\/wroniszewska.pl\/skinroom\/\"},{\"@type\":\"ListItem\",\"position\":2,\"name\":\"Tw\u00f3j problem\",\"item\":\"https:\/\/wroniszewska.pl\/skinroom\/twoj-problem\/\"},{\"@type\":\"ListItem\",\"position\":3,\"name\":\"Sk\u00f3ra sucha\/atopia\"}]}]}<\/script>\n<!-- \/ Yoast SEO plugin. -->","yoast_head_json":{"title":"Sk\u00f3ra sucha\/atopia - Skin Room Wroniszewska","robots":{"index":"index","follow":"follow","max-snippet":"max-snippet:-1","max-image-preview":"max-image-preview:large","max-video-preview":"max-video-preview:-1"},"canonical":"https:\/\/wroniszewska.pl\/skinroom\/twoj-problem\/skora-sucha-atopia\/","og_locale":"pl_PL","og_type":"article","og_title":"Sk\u00f3ra sucha\/atopia - Skin Room Wroniszewska","og_description":"[vc_row][vc_column][\/vc_column][\/vc_row][vc_row][vc_column][vc_column_text]Sucha sk\u00f3ra stanowi problem wielu os\u00f3b, bez wzgl\u0119du na wiek i p\u0142e\u0107. Objawia si\u0119 nieprzyjemnym \u015bci\u0105gni\u0119ciem, szorstko\u015bci\u0105, a cz\u0119sto r\u00f3wnie\u017c \u0142uszczeniem si\u0119 sk\u00f3ry. [\/vc_column_text][vc_column_text]Zwykle sk\u00f3ra sucha jest cienka, ma\u0142o elastyczna i ma sk\u0142onno\u015b\u0107 do podra\u017cnie\u0144. Gdy w sk\u00f3rze wyst\u0119puj\u0105 deficyty wody, a naturalna warstwa ochronna jaka jest p\u0142aszcz hydrolipidowy jest uszkodzony, nie stanowi ona pe\u0142nej ochrony przed czynnikami zewn\u0119trznymi. Wp\u0142ywa to niestety na szybsze pojawianie si\u0119 zmarszczek i szybsze starzenie. Dlatego o taka sk\u00f3r\u0119 trzeba dba\u0107 wyj\u0105tkowo. Sk\u00f3ra sucha rzadko jest problemem wrodzonym, zwykle pojawia si\u0119 z wiekiem i obejmuje nie tylko obszar twarzy, ale r\u00f3wnie\u017c ca\u0142ego cia\u0142a.[\/vc_column_text][\/vc_column][\/vc_row][vc_row full_width=&#8221;stretch_row&#8221; css=&#8221;.vc_custom_1655708690004{margin-top: 60px !important;margin-bottom: 60px !important;background-color: #f9f1ec !important;}&#8221;][vc_column][vc_row_inner][vc_column_inner][vc_column_text]G\u0142\u00f3wn\u0105 przyczyn\u0105 suchej sk\u00f3ry jest mechaniczne uszkodzenie p\u0142aszcza hydrolipidowego nask\u00f3rka, kt\u00f3ry ma za zadanie utrzymywa\u0107 odpowiedni poziom wody. Ekspozycja na s\u0142o\u0144ce, promieniowanie UV, przebywanie w klimatyzowanych lub ogrzewanych centralnie pomieszczeniach, nieodpowiednia piel\u0119gnacja cery oraz przyjmowanie niekt\u00f3rych lek\u00f3w to g\u0142\u00f3wne przyczyny suchej sk\u00f3ry. Brak podstawowych witamin [&hellip;]","og_url":"https:\/\/wroniszewska.pl\/skinroom\/twoj-problem\/skora-sucha-atopia\/","og_site_name":"Skin Room Wroniszewska","article_modified_time":"2022-08-18T07:41:59+00:00","twitter_card":"summary_large_image","twitter_misc":{"Szacowany czas czytania":"2 minuty"},"schema":{"@context":"https:\/\/schema.org","@graph":[{"@type":"WebSite","@id":"https:\/\/wroniszewska.pl\/skinroom\/#website","url":"https:\/\/wroniszewska.pl\/skinroom\/","name":"Skin Room Wroniszewska","description":"Gabinet kosmetologii estetycznej i leczniczej","potentialAction":[{"@type":"SearchAction","target":{"@type":"EntryPoint","urlTemplate":"https:\/\/wroniszewska.pl\/skinroom\/?s={search_term_string}"},"query-input":"required name=search_term_string"}],"inLanguage":"pl-PL"},{"@type":"WebPage","@id":"https:\/\/wroniszewska.pl\/skinroom\/twoj-problem\/skora-sucha-atopia\/","url":"https:\/\/wroniszewska.pl\/skinroom\/twoj-problem\/skora-sucha-atopia\/","name":"Sk\u00f3ra sucha\/atopia - Skin Room Wroniszewska","isPartOf":{"@id":"https:\/\/wroniszewska.pl\/skinroom\/#website"},"datePublished":"2022-06-19T21:14:32+00:00","dateModified":"2022-08-18T07:41:59+00:00","breadcrumb":{"@id":"https:\/\/wroniszewska.pl\/skinroom\/twoj-problem\/skora-sucha-atopia\/#breadcrumb"},"inLanguage":"pl-PL","potentialAction":[{"@type":"ReadAction","target":["https:\/\/wroniszewska.pl\/skinroom\/twoj-problem\/skora-sucha-atopia\/"]}]},{"@type":"BreadcrumbList","@id":"https:\/\/wroniszewska.pl\/skinroom\/twoj-problem\/skora-sucha-atopia\/#breadcrumb","itemListElement":[{"@type":"ListItem","position":1,"name":"Strona g\u0142\u00f3wna","item":"https:\/\/wroniszewska.pl\/skinroom\/"},{"@type":"ListItem","position":2,"name":"Tw\u00f3j problem","item":"https:\/\/wroniszewska.pl\/skinroom\/twoj-problem\/"},{"@type":"ListItem","position":3,"name":"Sk\u00f3ra sucha\/atopia"}]}]}},"_links":{"self":[{"href":"https:\/\/wroniszewska.pl\/skinroom\/wp-json\/wp\/v2\/pages\/8691"}],"collection":[{"href":"https:\/\/wroniszewska.pl\/skinroom\/wp-json\/wp\/v2\/pages"}],"about":[{"href":"https:\/\/wroniszewska.pl\/skinroom\/wp-json\/wp\/v2\/types\/page"}],"author":[{"embeddable":true,"href":"https:\/\/wroniszewska.pl\/skinroom\/wp-json\/wp\/v2\/users\/1"}],"replies":[{"embeddable":true,"href":"https:\/\/wroniszewska.pl\/skinroom\/wp-json\/wp\/v2\/comments?post=8691"}],"version-history":[{"count":4,"href":"https:\/\/wroniszewska.pl\/skinroom\/wp-json\/wp\/v2\/pages\/8691\/revisions"}],"predecessor-version":[{"id":8950,"href":"https:\/\/wroniszewska.pl\/skinroom\/wp-json\/wp\/v2\/pages\/8691\/revisions\/8950"}],"up":[{"embeddable":true,"href":"https:\/\/wroniszewska.pl\/skinroom\/wp-json\/wp\/v2\/pages\/9151"}],"wp:attachment":[{"href":"https:\/\/wroniszewska.pl\/skinroom\/wp-json\/wp\/v2\/media?parent=8691"}],"curies":[{"name":"wp","href":"https:\/\/api.w.org\/{rel}","templated":true}]}}