{"id":8901,"date":"2022-02-20T13:23:12","date_gmt":"2022-02-20T12:23:12","guid":{"rendered":"https:\/\/wroniszewska.pl\/beautyshop\/?post_type=product&#038;p=8901"},"modified":"2022-09-30T11:45:02","modified_gmt":"2022-09-30T09:45:02","slug":"daily-skincare-program","status":"publish","type":"product","link":"https:\/\/wroniszewska.pl\/beautyshop\/produkt\/daily-skincare-program\/","title":{"rendered":"Daily Skincare Program"},"content":{"rendered":"<p>Pierwsza linia obrony przeciwko drobnym liniom i zmarszczkom to odpowiednie nawil\u017cenie sk\u00f3ry i ochrona przed szkodliw\u0105 ekspozycj\u0105 na \u015bwiat\u0142o s\u0142oneczne. Zaczyna si\u0119 od podstawowego programu piel\u0119gnacji sk\u00f3ry, kt\u00f3ry wykorzystuje wysok\u0105 zawarto\u015b\u0107 bardzo skutecznych sk\u0142adnik\u00f3w wspomagaj\u0105cych walk\u0119 z naturalnym procesem starzenia. <strong>Daily Skincare Program<\/strong> to niezb\u0119dny element codziennej piel\u0119gnacji sk\u00f3ry, kt\u00f3ry pomaga j\u0105 wzmacnia\u0107 i utrzymywa\u0107 zdrowy wygl\u0105d cery.<\/p>\n<h5>Program zosta\u0142 specjalnie opracowany by:<\/h5>\n<ul>\n<li>Pomaga\u0107 w ochronie i utrzymaniu m\u0142odego wygl\u0105du cery<\/li>\n<li>Pomaga\u0107 w zapobieganiu uszkodzeniom w przysz\u0142o\u015bci poprzez ochron\u0119 sk\u00f3ry przed oddzia\u0142ywaniem s\u0142o\u0144ca<\/li>\n<li>Poprawi\u0107 i utrzyma\u0107 wyr\u00f3wnany koloryt sk\u00f3ry oraz zw\u0119\u017cone pory<\/li>\n<li>Utrzyma\u0107 odpowiednie nawil\u017cenie sk\u00f3ry<\/li>\n<\/ul>\n<h5>Program obejmuje nast\u0119puj\u0105ce produkty:<\/h5>\n<ol>\n<li><a href=\"https:\/\/wroniszewska.pl\/beautyshop\/produkt\/exfoliating-cleanser\/\">Exfoliating<\/a><a href=\"https:\/\/wroniszewska.pl\/beautyshop\/produkt\/gentle-cleanser\/\"> Cleanser<\/a> 60 ml<\/li>\n<li><a href=\"https:\/\/wroniszewska.pl\/beautyshop\/produkt\/exfoliating-polish\/\">Exfoliating Polish<\/a> 16,2 g<\/li>\n<li><a href=\"https:\/\/wroniszewska.pl\/beautyshop\/produkt\/complexion-renewal-pads\/\">Complexion Renewal Pads<\/a> 30 p\u0142atk\u00f3w<\/li>\n<li><a href=\"https:\/\/wroniszewska.pl\/beautyshop\/produkt\/daily-power-defense\/\">Daily Power Defense<\/a> 30 ml<\/li>\n<\/ol>\n","protected":false},"excerpt":{"rendered":"<ul>\n<li>Program codziennej piel\u0119gnacji sk\u00f3ry<\/li>\n<li>4 produkty<\/li>\n<li>Napisz na\u00a0<a href=\"mailto:sklep@wroniszewska.pl\">sklep@wroniszewska.pl<\/a>, aby uzyska\u0107 dost\u0119p do tego produktu<\/li>\n<\/ul>\n","protected":false},"featured_media":8886,"template":"","meta":[],"product_cat":[222,135,219,136,137,143],"product_tag":[],"acf":[],"yoast_head":"<!-- This site is optimized with the Yoast SEO plugin v19.3 - https:\/\/yoast.com\/wordpress\/plugins\/seo\/ -->\n<title>Daily Skincare Program - BEAUTY SHOP Wroniszewska<\/title>\n<meta name=\"robots\" content=\"index, follow, max-snippet:-1, max-image-preview:large, max-video-preview:-1\" \/>\n<link rel=\"canonical\" href=\"https:\/\/wroniszewska.pl\/beautyshop\/produkt\/daily-skincare-program\/\" \/>\n<meta property=\"og:locale\" content=\"pl_PL\" \/>\n<meta property=\"og:type\" content=\"article\" \/>\n<meta property=\"og:title\" content=\"Daily Skincare Program - BEAUTY SHOP Wroniszewska\" \/>\n<meta property=\"og:description\" content=\"Program codziennej piel\u0119gnacji sk\u00f3ry  4 produkty  Napisz na\u00a0sklep@wroniszewska.pl, aby uzyska\u0107 dost\u0119p do tego produktu\" \/>\n<meta property=\"og:url\" content=\"https:\/\/wroniszewska.pl\/beautyshop\/produkt\/daily-skincare-program\/\" \/>\n<meta property=\"og:site_name\" content=\"BEAUTY SHOP Wroniszewska\" \/>\n<meta property=\"article:modified_time\" content=\"2022-09-30T09:45:02+00:00\" \/>\n<meta property=\"og:image\" content=\"https:\/\/wroniszewska.pl\/beautyshop\/wp-content\/uploads\/sites\/2\/2022\/09\/DAILY_SKINCARE_PROGRAM.png\" \/>\n\t<meta property=\"og:image:width\" content=\"1040\" \/>\n\t<meta property=\"og:image:height\" content=\"1040\" \/>\n\t<meta property=\"og:image:type\" content=\"image\/png\" \/>\n<meta name=\"twitter:card\" content=\"summary_large_image\" \/>\n<meta name=\"twitter:label1\" content=\"Szacowany czas czytania\" \/>\n\t<meta name=\"twitter:data1\" content=\"1 minuta\" \/>\n<script type=\"application\/ld+json\" class=\"yoast-schema-graph\">{\"@context\":\"https:\/\/schema.org\",\"@graph\":[{\"@type\":\"WebSite\",\"@id\":\"https:\/\/wroniszewska.pl\/beautyshop\/#website\",\"url\":\"https:\/\/wroniszewska.pl\/beautyshop\/\",\"name\":\"BEAUTY SHOP Wroniszewska\",\"description\":\"Kosmetyki profesjonalnych marek: PCA Skin, ProXN, Meder Beauty, Cell Fusion C Expert, Cell Fusion C\",\"potentialAction\":[{\"@type\":\"SearchAction\",\"target\":{\"@type\":\"EntryPoint\",\"urlTemplate\":\"https:\/\/wroniszewska.pl\/beautyshop\/?s={search_term_string}\"},\"query-input\":\"required name=search_term_string\"}],\"inLanguage\":\"pl-PL\"},{\"@type\":\"ImageObject\",\"inLanguage\":\"pl-PL\",\"@id\":\"https:\/\/wroniszewska.pl\/beautyshop\/produkt\/daily-skincare-program\/#primaryimage\",\"url\":\"https:\/\/wroniszewska.pl\/beautyshop\/wp-content\/uploads\/sites\/2\/2022\/09\/DAILY_SKINCARE_PROGRAM.png\",\"contentUrl\":\"https:\/\/wroniszewska.pl\/beautyshop\/wp-content\/uploads\/sites\/2\/2022\/09\/DAILY_SKINCARE_PROGRAM.png\",\"width\":1040,\"height\":1040},{\"@type\":\"WebPage\",\"@id\":\"https:\/\/wroniszewska.pl\/beautyshop\/produkt\/daily-skincare-program\/\",\"url\":\"https:\/\/wroniszewska.pl\/beautyshop\/produkt\/daily-skincare-program\/\",\"name\":\"Daily Skincare Program - BEAUTY SHOP Wroniszewska\",\"isPartOf\":{\"@id\":\"https:\/\/wroniszewska.pl\/beautyshop\/#website\"},\"primaryImageOfPage\":{\"@id\":\"https:\/\/wroniszewska.pl\/beautyshop\/produkt\/daily-skincare-program\/#primaryimage\"},\"datePublished\":\"2022-02-20T12:23:12+00:00\",\"dateModified\":\"2022-09-30T09:45:02+00:00\",\"breadcrumb\":{\"@id\":\"https:\/\/wroniszewska.pl\/beautyshop\/produkt\/daily-skincare-program\/#breadcrumb\"},\"inLanguage\":\"pl-PL\",\"potentialAction\":[{\"@type\":\"ReadAction\",\"target\":[\"https:\/\/wroniszewska.pl\/beautyshop\/produkt\/daily-skincare-program\/\"]}]},{\"@type\":\"BreadcrumbList\",\"@id\":\"https:\/\/wroniszewska.pl\/beautyshop\/produkt\/daily-skincare-program\/#breadcrumb\",\"itemListElement\":[{\"@type\":\"ListItem\",\"position\":1,\"name\":\"Strona g\u0142\u00f3wna\",\"item\":\"https:\/\/wroniszewska.pl\/beautyshop\/\"},{\"@type\":\"ListItem\",\"position\":2,\"name\":\"Produkty\",\"item\":\"https:\/\/wroniszewska.pl\/beautyshop\/produkty\/\"},{\"@type\":\"ListItem\",\"position\":3,\"name\":\"Daily Skincare Program\"}]}]}<\/script>\n<!-- \/ Yoast SEO plugin. -->","yoast_head_json":{"title":"Daily Skincare Program - BEAUTY SHOP Wroniszewska","robots":{"index":"index","follow":"follow","max-snippet":"max-snippet:-1","max-image-preview":"max-image-preview:large","max-video-preview":"max-video-preview:-1"},"canonical":"https:\/\/wroniszewska.pl\/beautyshop\/produkt\/daily-skincare-program\/","og_locale":"pl_PL","og_type":"article","og_title":"Daily Skincare Program - BEAUTY SHOP Wroniszewska","og_description":"Program codziennej piel\u0119gnacji sk\u00f3ry  4 produkty  Napisz na\u00a0sklep@wroniszewska.pl, aby uzyska\u0107 dost\u0119p do tego produktu","og_url":"https:\/\/wroniszewska.pl\/beautyshop\/produkt\/daily-skincare-program\/","og_site_name":"BEAUTY SHOP Wroniszewska","article_modified_time":"2022-09-30T09:45:02+00:00","og_image":[{"width":1040,"height":1040,"url":"https:\/\/wroniszewska.pl\/beautyshop\/wp-content\/uploads\/sites\/2\/2022\/09\/DAILY_SKINCARE_PROGRAM.png","type":"image\/png"}],"twitter_card":"summary_large_image","twitter_misc":{"Szacowany czas czytania":"1 minuta"},"schema":{"@context":"https:\/\/schema.org","@graph":[{"@type":"WebSite","@id":"https:\/\/wroniszewska.pl\/beautyshop\/#website","url":"https:\/\/wroniszewska.pl\/beautyshop\/","name":"BEAUTY SHOP Wroniszewska","description":"Kosmetyki profesjonalnych marek: PCA Skin, ProXN, Meder Beauty, Cell Fusion C Expert, Cell Fusion C","potentialAction":[{"@type":"SearchAction","target":{"@type":"EntryPoint","urlTemplate":"https:\/\/wroniszewska.pl\/beautyshop\/?s={search_term_string}"},"query-input":"required name=search_term_string"}],"inLanguage":"pl-PL"},{"@type":"ImageObject","inLanguage":"pl-PL","@id":"https:\/\/wroniszewska.pl\/beautyshop\/produkt\/daily-skincare-program\/#primaryimage","url":"https:\/\/wroniszewska.pl\/beautyshop\/wp-content\/uploads\/sites\/2\/2022\/09\/DAILY_SKINCARE_PROGRAM.png","contentUrl":"https:\/\/wroniszewska.pl\/beautyshop\/wp-content\/uploads\/sites\/2\/2022\/09\/DAILY_SKINCARE_PROGRAM.png","width":1040,"height":1040},{"@type":"WebPage","@id":"https:\/\/wroniszewska.pl\/beautyshop\/produkt\/daily-skincare-program\/","url":"https:\/\/wroniszewska.pl\/beautyshop\/produkt\/daily-skincare-program\/","name":"Daily Skincare Program - BEAUTY SHOP Wroniszewska","isPartOf":{"@id":"https:\/\/wroniszewska.pl\/beautyshop\/#website"},"primaryImageOfPage":{"@id":"https:\/\/wroniszewska.pl\/beautyshop\/produkt\/daily-skincare-program\/#primaryimage"},"datePublished":"2022-02-20T12:23:12+00:00","dateModified":"2022-09-30T09:45:02+00:00","breadcrumb":{"@id":"https:\/\/wroniszewska.pl\/beautyshop\/produkt\/daily-skincare-program\/#breadcrumb"},"inLanguage":"pl-PL","potentialAction":[{"@type":"ReadAction","target":["https:\/\/wroniszewska.pl\/beautyshop\/produkt\/daily-skincare-program\/"]}]},{"@type":"BreadcrumbList","@id":"https:\/\/wroniszewska.pl\/beautyshop\/produkt\/daily-skincare-program\/#breadcrumb","itemListElement":[{"@type":"ListItem","position":1,"name":"Strona g\u0142\u00f3wna","item":"https:\/\/wroniszewska.pl\/beautyshop\/"},{"@type":"ListItem","position":2,"name":"Produkty","item":"https:\/\/wroniszewska.pl\/beautyshop\/produkty\/"},{"@type":"ListItem","position":3,"name":"Daily Skincare Program"}]}]}},"_links":{"self":[{"href":"https:\/\/wroniszewska.pl\/beautyshop\/wp-json\/wp\/v2\/product\/8901"}],"collection":[{"href":"https:\/\/wroniszewska.pl\/beautyshop\/wp-json\/wp\/v2\/product"}],"about":[{"href":"https:\/\/wroniszewska.pl\/beautyshop\/wp-json\/wp\/v2\/types\/product"}],"wp:featuredmedia":[{"embeddable":true,"href":"https:\/\/wroniszewska.pl\/beautyshop\/wp-json\/wp\/v2\/media\/8886"}],"wp:attachment":[{"href":"https:\/\/wroniszewska.pl\/beautyshop\/wp-json\/wp\/v2\/media?parent=8901"}],"wp:term":[{"taxonomy":"product_cat","embeddable":true,"href":"https:\/\/wroniszewska.pl\/beautyshop\/wp-json\/wp\/v2\/product_cat?post=8901"},{"taxonomy":"product_tag","embeddable":true,"href":"https:\/\/wroniszewska.pl\/beautyshop\/wp-json\/wp\/v2\/product_tag?post=8901"}],"curies":[{"name":"wp","href":"https:\/\/api.w.org\/{rel}","templated":true}]}}