{"id":8774,"date":"2022-02-14T16:11:24","date_gmt":"2022-02-14T15:11:24","guid":{"rendered":"https:\/\/wroniszewska.pl\/beautyshop\/?post_type=product&#038;p=8774"},"modified":"2022-09-30T11:49:53","modified_gmt":"2022-09-30T09:49:53","slug":"wrinkle-texture-repair-05-retinolu","status":"publish","type":"product","link":"https:\/\/wroniszewska.pl\/beautyshop\/produkt\/wrinkle-texture-repair-05-retinolu\/","title":{"rendered":"Wrinkle + Texture Repair 0,5% Retinolu"},"content":{"rendered":"<p>Krem zmniejsza widoczno\u015b\u0107 g\u0142\u0119bokich linii i zmarszczek, w zauwa\u017calny spos\u00f3b poprawia tekstur\u0119 i koloryt sk\u00f3ry oraz zwi\u0119ksza jej j\u0119drno\u015b\u0107. Mo\u017ce mie\u0107 r\u00f3wnie\u017c zastosowanie przy tr\u0105dziku pospolitym jako zamiennik tretynoiny. Zawiera 0,5% retinolu i antyoksydanty.<\/p>\n<p><strong>Wskazania:<\/strong> sk\u00f3ra dojrza\u0142a, utrata j\u0119drno\u015bci, zmarszczki, przebarwienia, tr\u0105dzik pospolity.<\/p>\n<p><strong>Spos\u00f3b u\u017cycia:<\/strong> Wmasowa\u0107 2 pompki w oczyszczon\u0105 sk\u00f3r\u0119 twarzy. Preparaty z retinolem nale\u017cy stopniowo wprowadza\u0107 do piel\u0119gnacji oraz zwi\u0119ksza\u0107 cz\u0119stotliwo\u015b\u0107 aplikacji wraz ze wzrostem tolerancji sk\u00f3ry. Reakcje sk\u00f3rne, kt\u00f3re mog\u0105 wyst\u0105pi\u0107 to tkliwo\u015b\u0107, odczyn zapalny, przesuszenie, z\u0142uszczanie.<\/p>\n<p><strong>Sk\u0142adniki aktywne:<\/strong> 0,5% retinol, ZPRO\u00ae (kompleks peptydu biomimetycznego), ZO-RRS2\u00ae (unikalny kompleks kultur kom\u00f3rek macierzystych z szarotki alpejskiej i szanty zwyczajnej).<\/p>\n","protected":false},"excerpt":{"rendered":"<ul>\n<li>Serum stymuluj\u0105ce<\/li>\n<li>30ml \/ 50ml<\/li>\n<li>Napisz na\u00a0<a href=\"mailto:sklep@wroniszewska.pl\">sklep@wroniszewska.pl<\/a>, aby uzyska\u0107 dost\u0119p do tego produktu<\/li>\n<\/ul>\n","protected":false},"featured_media":8783,"template":"","meta":[],"product_cat":[137],"product_tag":[],"acf":[],"yoast_head":"<!-- This site is optimized with the Yoast SEO plugin v19.3 - https:\/\/yoast.com\/wordpress\/plugins\/seo\/ -->\n<title>Wrinkle + Texture Repair 0,5% Retinolu - BEAUTY SHOP Wroniszewska<\/title>\n<meta name=\"robots\" content=\"index, follow, max-snippet:-1, max-image-preview:large, max-video-preview:-1\" \/>\n<link rel=\"canonical\" href=\"https:\/\/wroniszewska.pl\/beautyshop\/produkt\/wrinkle-texture-repair-05-retinolu\/\" \/>\n<meta property=\"og:locale\" content=\"pl_PL\" \/>\n<meta property=\"og:type\" content=\"article\" \/>\n<meta property=\"og:title\" content=\"Wrinkle + Texture Repair 0,5% Retinolu - BEAUTY SHOP Wroniszewska\" \/>\n<meta property=\"og:description\" content=\"Serum stymuluj\u0105ce  30ml \/ 50ml  Napisz na\u00a0sklep@wroniszewska.pl, aby uzyska\u0107 dost\u0119p do tego produktu\" \/>\n<meta property=\"og:url\" content=\"https:\/\/wroniszewska.pl\/beautyshop\/produkt\/wrinkle-texture-repair-05-retinolu\/\" \/>\n<meta property=\"og:site_name\" content=\"BEAUTY SHOP Wroniszewska\" \/>\n<meta property=\"article:modified_time\" content=\"2022-09-30T09:49:53+00:00\" \/>\n<meta property=\"og:image\" content=\"https:\/\/wroniszewska.pl\/beautyshop\/wp-content\/uploads\/sites\/2\/2022\/09\/Wrinkle-Texture-Repair.png\" \/>\n\t<meta property=\"og:image:width\" content=\"1040\" \/>\n\t<meta property=\"og:image:height\" content=\"1040\" \/>\n\t<meta property=\"og:image:type\" content=\"image\/png\" \/>\n<meta name=\"twitter:card\" content=\"summary_large_image\" \/>\n<meta name=\"twitter:label1\" content=\"Szacowany czas czytania\" \/>\n\t<meta name=\"twitter:data1\" content=\"1 minuta\" \/>\n<script type=\"application\/ld+json\" class=\"yoast-schema-graph\">{\"@context\":\"https:\/\/schema.org\",\"@graph\":[{\"@type\":\"WebSite\",\"@id\":\"https:\/\/wroniszewska.pl\/beautyshop\/#website\",\"url\":\"https:\/\/wroniszewska.pl\/beautyshop\/\",\"name\":\"BEAUTY SHOP Wroniszewska\",\"description\":\"Kosmetyki profesjonalnych marek: PCA Skin, ProXN, Meder Beauty, Cell Fusion C Expert, Cell Fusion C\",\"potentialAction\":[{\"@type\":\"SearchAction\",\"target\":{\"@type\":\"EntryPoint\",\"urlTemplate\":\"https:\/\/wroniszewska.pl\/beautyshop\/?s={search_term_string}\"},\"query-input\":\"required name=search_term_string\"}],\"inLanguage\":\"pl-PL\"},{\"@type\":\"ImageObject\",\"inLanguage\":\"pl-PL\",\"@id\":\"https:\/\/wroniszewska.pl\/beautyshop\/produkt\/wrinkle-texture-repair-05-retinolu\/#primaryimage\",\"url\":\"https:\/\/wroniszewska.pl\/beautyshop\/wp-content\/uploads\/sites\/2\/2022\/09\/Wrinkle-Texture-Repair.png\",\"contentUrl\":\"https:\/\/wroniszewska.pl\/beautyshop\/wp-content\/uploads\/sites\/2\/2022\/09\/Wrinkle-Texture-Repair.png\",\"width\":1040,\"height\":1040},{\"@type\":\"WebPage\",\"@id\":\"https:\/\/wroniszewska.pl\/beautyshop\/produkt\/wrinkle-texture-repair-05-retinolu\/\",\"url\":\"https:\/\/wroniszewska.pl\/beautyshop\/produkt\/wrinkle-texture-repair-05-retinolu\/\",\"name\":\"Wrinkle + Texture Repair 0,5% Retinolu - BEAUTY SHOP Wroniszewska\",\"isPartOf\":{\"@id\":\"https:\/\/wroniszewska.pl\/beautyshop\/#website\"},\"primaryImageOfPage\":{\"@id\":\"https:\/\/wroniszewska.pl\/beautyshop\/produkt\/wrinkle-texture-repair-05-retinolu\/#primaryimage\"},\"datePublished\":\"2022-02-14T15:11:24+00:00\",\"dateModified\":\"2022-09-30T09:49:53+00:00\",\"breadcrumb\":{\"@id\":\"https:\/\/wroniszewska.pl\/beautyshop\/produkt\/wrinkle-texture-repair-05-retinolu\/#breadcrumb\"},\"inLanguage\":\"pl-PL\",\"potentialAction\":[{\"@type\":\"ReadAction\",\"target\":[\"https:\/\/wroniszewska.pl\/beautyshop\/produkt\/wrinkle-texture-repair-05-retinolu\/\"]}]},{\"@type\":\"BreadcrumbList\",\"@id\":\"https:\/\/wroniszewska.pl\/beautyshop\/produkt\/wrinkle-texture-repair-05-retinolu\/#breadcrumb\",\"itemListElement\":[{\"@type\":\"ListItem\",\"position\":1,\"name\":\"Strona g\u0142\u00f3wna\",\"item\":\"https:\/\/wroniszewska.pl\/beautyshop\/\"},{\"@type\":\"ListItem\",\"position\":2,\"name\":\"Produkty\",\"item\":\"https:\/\/wroniszewska.pl\/beautyshop\/produkty\/\"},{\"@type\":\"ListItem\",\"position\":3,\"name\":\"Wrinkle + Texture Repair 0,5% Retinolu\"}]}]}<\/script>\n<!-- \/ Yoast SEO plugin. -->","yoast_head_json":{"title":"Wrinkle + Texture Repair 0,5% Retinolu - BEAUTY SHOP Wroniszewska","robots":{"index":"index","follow":"follow","max-snippet":"max-snippet:-1","max-image-preview":"max-image-preview:large","max-video-preview":"max-video-preview:-1"},"canonical":"https:\/\/wroniszewska.pl\/beautyshop\/produkt\/wrinkle-texture-repair-05-retinolu\/","og_locale":"pl_PL","og_type":"article","og_title":"Wrinkle + Texture Repair 0,5% Retinolu - BEAUTY SHOP Wroniszewska","og_description":"Serum stymuluj\u0105ce  30ml \/ 50ml  Napisz na\u00a0sklep@wroniszewska.pl, aby uzyska\u0107 dost\u0119p do tego produktu","og_url":"https:\/\/wroniszewska.pl\/beautyshop\/produkt\/wrinkle-texture-repair-05-retinolu\/","og_site_name":"BEAUTY SHOP Wroniszewska","article_modified_time":"2022-09-30T09:49:53+00:00","og_image":[{"width":1040,"height":1040,"url":"https:\/\/wroniszewska.pl\/beautyshop\/wp-content\/uploads\/sites\/2\/2022\/09\/Wrinkle-Texture-Repair.png","type":"image\/png"}],"twitter_card":"summary_large_image","twitter_misc":{"Szacowany czas czytania":"1 minuta"},"schema":{"@context":"https:\/\/schema.org","@graph":[{"@type":"WebSite","@id":"https:\/\/wroniszewska.pl\/beautyshop\/#website","url":"https:\/\/wroniszewska.pl\/beautyshop\/","name":"BEAUTY SHOP Wroniszewska","description":"Kosmetyki profesjonalnych marek: PCA Skin, ProXN, Meder Beauty, Cell Fusion C Expert, Cell Fusion C","potentialAction":[{"@type":"SearchAction","target":{"@type":"EntryPoint","urlTemplate":"https:\/\/wroniszewska.pl\/beautyshop\/?s={search_term_string}"},"query-input":"required name=search_term_string"}],"inLanguage":"pl-PL"},{"@type":"ImageObject","inLanguage":"pl-PL","@id":"https:\/\/wroniszewska.pl\/beautyshop\/produkt\/wrinkle-texture-repair-05-retinolu\/#primaryimage","url":"https:\/\/wroniszewska.pl\/beautyshop\/wp-content\/uploads\/sites\/2\/2022\/09\/Wrinkle-Texture-Repair.png","contentUrl":"https:\/\/wroniszewska.pl\/beautyshop\/wp-content\/uploads\/sites\/2\/2022\/09\/Wrinkle-Texture-Repair.png","width":1040,"height":1040},{"@type":"WebPage","@id":"https:\/\/wroniszewska.pl\/beautyshop\/produkt\/wrinkle-texture-repair-05-retinolu\/","url":"https:\/\/wroniszewska.pl\/beautyshop\/produkt\/wrinkle-texture-repair-05-retinolu\/","name":"Wrinkle + Texture Repair 0,5% Retinolu - BEAUTY SHOP Wroniszewska","isPartOf":{"@id":"https:\/\/wroniszewska.pl\/beautyshop\/#website"},"primaryImageOfPage":{"@id":"https:\/\/wroniszewska.pl\/beautyshop\/produkt\/wrinkle-texture-repair-05-retinolu\/#primaryimage"},"datePublished":"2022-02-14T15:11:24+00:00","dateModified":"2022-09-30T09:49:53+00:00","breadcrumb":{"@id":"https:\/\/wroniszewska.pl\/beautyshop\/produkt\/wrinkle-texture-repair-05-retinolu\/#breadcrumb"},"inLanguage":"pl-PL","potentialAction":[{"@type":"ReadAction","target":["https:\/\/wroniszewska.pl\/beautyshop\/produkt\/wrinkle-texture-repair-05-retinolu\/"]}]},{"@type":"BreadcrumbList","@id":"https:\/\/wroniszewska.pl\/beautyshop\/produkt\/wrinkle-texture-repair-05-retinolu\/#breadcrumb","itemListElement":[{"@type":"ListItem","position":1,"name":"Strona g\u0142\u00f3wna","item":"https:\/\/wroniszewska.pl\/beautyshop\/"},{"@type":"ListItem","position":2,"name":"Produkty","item":"https:\/\/wroniszewska.pl\/beautyshop\/produkty\/"},{"@type":"ListItem","position":3,"name":"Wrinkle + Texture Repair 0,5% Retinolu"}]}]}},"_links":{"self":[{"href":"https:\/\/wroniszewska.pl\/beautyshop\/wp-json\/wp\/v2\/product\/8774"}],"collection":[{"href":"https:\/\/wroniszewska.pl\/beautyshop\/wp-json\/wp\/v2\/product"}],"about":[{"href":"https:\/\/wroniszewska.pl\/beautyshop\/wp-json\/wp\/v2\/types\/product"}],"wp:featuredmedia":[{"embeddable":true,"href":"https:\/\/wroniszewska.pl\/beautyshop\/wp-json\/wp\/v2\/media\/8783"}],"wp:attachment":[{"href":"https:\/\/wroniszewska.pl\/beautyshop\/wp-json\/wp\/v2\/media?parent=8774"}],"wp:term":[{"taxonomy":"product_cat","embeddable":true,"href":"https:\/\/wroniszewska.pl\/beautyshop\/wp-json\/wp\/v2\/product_cat?post=8774"},{"taxonomy":"product_tag","embeddable":true,"href":"https:\/\/wroniszewska.pl\/beautyshop\/wp-json\/wp\/v2\/product_tag?post=8774"}],"curies":[{"name":"wp","href":"https:\/\/api.w.org\/{rel}","templated":true}]}}