{"id":8582,"date":"2022-01-15T10:58:31","date_gmt":"2022-01-15T09:58:31","guid":{"rendered":"https:\/\/wroniszewska.pl\/beautyshop\/?post_type=product&#038;p=8582"},"modified":"2022-04-25T08:55:56","modified_gmt":"2022-04-25T06:55:56","slug":"low-ph-pharier-moisture-cream","status":"publish","type":"product","link":"https:\/\/wroniszewska.pl\/beautyshop\/produkt\/low-ph-pharier-moisture-cream\/","title":{"rendered":"Low PH Pharier Moisture Cream"},"content":{"rendered":"<p>Intensywnie nawil\u017caj\u0105cy krem dla sk\u00f3ry wra\u017cliwej, kt\u00f3rej brakuje d\u0142ugotrwa\u0142ego nawil\u017cenia. Polecany dla sk\u00f3r przesuszonych, sk\u0142onnych do zaburze\u0144 wywo\u0142anych czynnikami zewn\u0119trznymi. Swoje dzia\u0142anie opiera na betainie, kt\u00f3ra zapewnia efekt natychmiastowego nawil\u017cenia sk\u00f3ry. W sk\u0142adzie kremu znajduj\u0105 si\u0119 r\u00f3wnie\u017c glukozyd glicerolu \u2013 aktywuje kana\u0142y jonowe (tzw. akwaporyny), aby dostarczy\u0107 nawil\u017cenie do g\u0142\u0119bszych warstw sk\u00f3ry, 4 formy kwasu hialuronowego \u2013 dzi\u0119ki zastosowaniu r\u00f3\u017cnych rodzaj\u00f3w kwasu hialuronowego zwi\u0119ksza si\u0119 nawil\u017cenie sk\u00f3ry na wszystkich jej poziomach, trehaloza \u2013 odpowiada za d\u0142ugotrwa\u0142e nawil\u017cenie sk\u00f3ry, posiada zdolno\u015b\u0107 magazynowania wody i stopniowego jej uwalniania, ektoina \u2013 \u0142agodzi podra\u017cnienia przy jednoczesnym g\u0142\u0119bokim nawil\u017ceniu sk\u00f3ry, wi\u0105\u017ce du\u017ce ilo\u015bci wody i ma silne w\u0142a\u015bciwo\u015bci koj\u0105ce.<\/p>\n<p><strong>Wskazania:<\/strong> ka\u017cdy rodzaj sk\u00f3ry, sk\u00f3ra wra\u017cliwa, sk\u00f3ra sucha, regeneracja pozabiegowa, sk\u00f3ra odwodniona, nawil\u017canie.<\/p>\n<p><strong>Spos\u00f3b u\u017cycia:<\/strong> Krem nale\u017cy zaaplikowa\u0107 na oczyszczon\u0105 sk\u00f3r\u0119, r\u00f3wnomiernie rozprowadzaj\u0105c. Stosowa\u0107 rano i wieczorem.<\/p>\n<p><strong>Sk\u0142adniki aktywne: <\/strong>betaina, glukozyd glicerolu, 4 formy kwasu hialuronowego, trehaloza, ektoina.<\/p>\n","protected":false},"excerpt":{"rendered":"<ul>\n<li>Krem nawil\u017caj\u0105cy dla sk\u00f3ry suchej i wra\u017cliwej.<\/li>\n<li>80 ml<\/li>\n<\/ul>\n","protected":false},"featured_media":8585,"template":"","meta":[],"product_cat":[140],"product_tag":[],"acf":[],"yoast_head":"<!-- This site is optimized with the Yoast SEO plugin v19.3 - https:\/\/yoast.com\/wordpress\/plugins\/seo\/ -->\n<title>Low PH Pharier Moisture Cream - BEAUTY SHOP Wroniszewska<\/title>\n<meta name=\"robots\" content=\"index, follow, max-snippet:-1, max-image-preview:large, max-video-preview:-1\" \/>\n<link rel=\"canonical\" href=\"https:\/\/wroniszewska.pl\/beautyshop\/produkt\/low-ph-pharier-moisture-cream\/\" \/>\n<meta property=\"og:locale\" content=\"pl_PL\" \/>\n<meta property=\"og:type\" content=\"article\" \/>\n<meta property=\"og:title\" content=\"Low PH Pharier Moisture Cream - BEAUTY SHOP Wroniszewska\" \/>\n<meta property=\"og:description\" content=\"Krem nawil\u017caj\u0105cy dla sk\u00f3ry suchej i wra\u017cliwej.  80 ml\" \/>\n<meta property=\"og:url\" content=\"https:\/\/wroniszewska.pl\/beautyshop\/produkt\/low-ph-pharier-moisture-cream\/\" \/>\n<meta property=\"og:site_name\" content=\"BEAUTY SHOP Wroniszewska\" \/>\n<meta property=\"article:modified_time\" content=\"2022-04-25T06:55:56+00:00\" \/>\n<meta property=\"og:image\" content=\"https:\/\/wroniszewska.pl\/beautyshop\/wp-content\/uploads\/sites\/2\/2022\/04\/pHarrier-moisture-cream-1.jpg\" \/>\n\t<meta property=\"og:image:width\" content=\"1050\" \/>\n\t<meta property=\"og:image:height\" content=\"1050\" \/>\n\t<meta property=\"og:image:type\" content=\"image\/jpeg\" \/>\n<meta name=\"twitter:card\" content=\"summary_large_image\" \/>\n<meta name=\"twitter:label1\" content=\"Szacowany czas czytania\" \/>\n\t<meta name=\"twitter:data1\" content=\"1 minuta\" \/>\n<script type=\"application\/ld+json\" class=\"yoast-schema-graph\">{\"@context\":\"https:\/\/schema.org\",\"@graph\":[{\"@type\":\"WebSite\",\"@id\":\"https:\/\/wroniszewska.pl\/beautyshop\/#website\",\"url\":\"https:\/\/wroniszewska.pl\/beautyshop\/\",\"name\":\"BEAUTY SHOP Wroniszewska\",\"description\":\"Kosmetyki profesjonalnych marek: PCA Skin, ProXN, Meder Beauty, Cell Fusion C Expert, Cell Fusion C\",\"potentialAction\":[{\"@type\":\"SearchAction\",\"target\":{\"@type\":\"EntryPoint\",\"urlTemplate\":\"https:\/\/wroniszewska.pl\/beautyshop\/?s={search_term_string}\"},\"query-input\":\"required name=search_term_string\"}],\"inLanguage\":\"pl-PL\"},{\"@type\":\"ImageObject\",\"inLanguage\":\"pl-PL\",\"@id\":\"https:\/\/wroniszewska.pl\/beautyshop\/produkt\/low-ph-pharier-moisture-cream\/#primaryimage\",\"url\":\"https:\/\/wroniszewska.pl\/beautyshop\/wp-content\/uploads\/sites\/2\/2022\/04\/pHarrier-moisture-cream-1.jpg\",\"contentUrl\":\"https:\/\/wroniszewska.pl\/beautyshop\/wp-content\/uploads\/sites\/2\/2022\/04\/pHarrier-moisture-cream-1.jpg\",\"width\":1050,\"height\":1050},{\"@type\":\"WebPage\",\"@id\":\"https:\/\/wroniszewska.pl\/beautyshop\/produkt\/low-ph-pharier-moisture-cream\/\",\"url\":\"https:\/\/wroniszewska.pl\/beautyshop\/produkt\/low-ph-pharier-moisture-cream\/\",\"name\":\"Low PH Pharier Moisture Cream - BEAUTY SHOP Wroniszewska\",\"isPartOf\":{\"@id\":\"https:\/\/wroniszewska.pl\/beautyshop\/#website\"},\"primaryImageOfPage\":{\"@id\":\"https:\/\/wroniszewska.pl\/beautyshop\/produkt\/low-ph-pharier-moisture-cream\/#primaryimage\"},\"datePublished\":\"2022-01-15T09:58:31+00:00\",\"dateModified\":\"2022-04-25T06:55:56+00:00\",\"breadcrumb\":{\"@id\":\"https:\/\/wroniszewska.pl\/beautyshop\/produkt\/low-ph-pharier-moisture-cream\/#breadcrumb\"},\"inLanguage\":\"pl-PL\",\"potentialAction\":[{\"@type\":\"ReadAction\",\"target\":[\"https:\/\/wroniszewska.pl\/beautyshop\/produkt\/low-ph-pharier-moisture-cream\/\"]}]},{\"@type\":\"BreadcrumbList\",\"@id\":\"https:\/\/wroniszewska.pl\/beautyshop\/produkt\/low-ph-pharier-moisture-cream\/#breadcrumb\",\"itemListElement\":[{\"@type\":\"ListItem\",\"position\":1,\"name\":\"Strona g\u0142\u00f3wna\",\"item\":\"https:\/\/wroniszewska.pl\/beautyshop\/\"},{\"@type\":\"ListItem\",\"position\":2,\"name\":\"Produkty\",\"item\":\"https:\/\/wroniszewska.pl\/beautyshop\/produkty\/\"},{\"@type\":\"ListItem\",\"position\":3,\"name\":\"Low PH Pharier Moisture Cream\"}]}]}<\/script>\n<!-- \/ Yoast SEO plugin. -->","yoast_head_json":{"title":"Low PH Pharier Moisture Cream - BEAUTY SHOP Wroniszewska","robots":{"index":"index","follow":"follow","max-snippet":"max-snippet:-1","max-image-preview":"max-image-preview:large","max-video-preview":"max-video-preview:-1"},"canonical":"https:\/\/wroniszewska.pl\/beautyshop\/produkt\/low-ph-pharier-moisture-cream\/","og_locale":"pl_PL","og_type":"article","og_title":"Low PH Pharier Moisture Cream - BEAUTY SHOP Wroniszewska","og_description":"Krem nawil\u017caj\u0105cy dla sk\u00f3ry suchej i wra\u017cliwej.  80 ml","og_url":"https:\/\/wroniszewska.pl\/beautyshop\/produkt\/low-ph-pharier-moisture-cream\/","og_site_name":"BEAUTY SHOP Wroniszewska","article_modified_time":"2022-04-25T06:55:56+00:00","og_image":[{"width":1050,"height":1050,"url":"https:\/\/wroniszewska.pl\/beautyshop\/wp-content\/uploads\/sites\/2\/2022\/04\/pHarrier-moisture-cream-1.jpg","type":"image\/jpeg"}],"twitter_card":"summary_large_image","twitter_misc":{"Szacowany czas czytania":"1 minuta"},"schema":{"@context":"https:\/\/schema.org","@graph":[{"@type":"WebSite","@id":"https:\/\/wroniszewska.pl\/beautyshop\/#website","url":"https:\/\/wroniszewska.pl\/beautyshop\/","name":"BEAUTY SHOP Wroniszewska","description":"Kosmetyki profesjonalnych marek: PCA Skin, ProXN, Meder Beauty, Cell Fusion C Expert, Cell Fusion C","potentialAction":[{"@type":"SearchAction","target":{"@type":"EntryPoint","urlTemplate":"https:\/\/wroniszewska.pl\/beautyshop\/?s={search_term_string}"},"query-input":"required name=search_term_string"}],"inLanguage":"pl-PL"},{"@type":"ImageObject","inLanguage":"pl-PL","@id":"https:\/\/wroniszewska.pl\/beautyshop\/produkt\/low-ph-pharier-moisture-cream\/#primaryimage","url":"https:\/\/wroniszewska.pl\/beautyshop\/wp-content\/uploads\/sites\/2\/2022\/04\/pHarrier-moisture-cream-1.jpg","contentUrl":"https:\/\/wroniszewska.pl\/beautyshop\/wp-content\/uploads\/sites\/2\/2022\/04\/pHarrier-moisture-cream-1.jpg","width":1050,"height":1050},{"@type":"WebPage","@id":"https:\/\/wroniszewska.pl\/beautyshop\/produkt\/low-ph-pharier-moisture-cream\/","url":"https:\/\/wroniszewska.pl\/beautyshop\/produkt\/low-ph-pharier-moisture-cream\/","name":"Low PH Pharier Moisture Cream - BEAUTY SHOP Wroniszewska","isPartOf":{"@id":"https:\/\/wroniszewska.pl\/beautyshop\/#website"},"primaryImageOfPage":{"@id":"https:\/\/wroniszewska.pl\/beautyshop\/produkt\/low-ph-pharier-moisture-cream\/#primaryimage"},"datePublished":"2022-01-15T09:58:31+00:00","dateModified":"2022-04-25T06:55:56+00:00","breadcrumb":{"@id":"https:\/\/wroniszewska.pl\/beautyshop\/produkt\/low-ph-pharier-moisture-cream\/#breadcrumb"},"inLanguage":"pl-PL","potentialAction":[{"@type":"ReadAction","target":["https:\/\/wroniszewska.pl\/beautyshop\/produkt\/low-ph-pharier-moisture-cream\/"]}]},{"@type":"BreadcrumbList","@id":"https:\/\/wroniszewska.pl\/beautyshop\/produkt\/low-ph-pharier-moisture-cream\/#breadcrumb","itemListElement":[{"@type":"ListItem","position":1,"name":"Strona g\u0142\u00f3wna","item":"https:\/\/wroniszewska.pl\/beautyshop\/"},{"@type":"ListItem","position":2,"name":"Produkty","item":"https:\/\/wroniszewska.pl\/beautyshop\/produkty\/"},{"@type":"ListItem","position":3,"name":"Low PH Pharier Moisture Cream"}]}]}},"_links":{"self":[{"href":"https:\/\/wroniszewska.pl\/beautyshop\/wp-json\/wp\/v2\/product\/8582"}],"collection":[{"href":"https:\/\/wroniszewska.pl\/beautyshop\/wp-json\/wp\/v2\/product"}],"about":[{"href":"https:\/\/wroniszewska.pl\/beautyshop\/wp-json\/wp\/v2\/types\/product"}],"wp:featuredmedia":[{"embeddable":true,"href":"https:\/\/wroniszewska.pl\/beautyshop\/wp-json\/wp\/v2\/media\/8585"}],"wp:attachment":[{"href":"https:\/\/wroniszewska.pl\/beautyshop\/wp-json\/wp\/v2\/media?parent=8582"}],"wp:term":[{"taxonomy":"product_cat","embeddable":true,"href":"https:\/\/wroniszewska.pl\/beautyshop\/wp-json\/wp\/v2\/product_cat?post=8582"},{"taxonomy":"product_tag","embeddable":true,"href":"https:\/\/wroniszewska.pl\/beautyshop\/wp-json\/wp\/v2\/product_tag?post=8582"}],"curies":[{"name":"wp","href":"https:\/\/api.w.org\/{rel}","templated":true}]}}