{"id":8165,"date":"2022-03-14T12:57:37","date_gmt":"2022-03-14T11:57:37","guid":{"rendered":"https:\/\/wroniszewska.pl\/beautyshop\/?post_type=product&#038;p=8165"},"modified":"2023-02-06T19:09:35","modified_gmt":"2023-02-06T18:09:35","slug":"blemish-control-bar","status":"publish","type":"product","link":"https:\/\/wroniszewska.pl\/beautyshop\/produkt\/blemish-control-bar\/","title":{"rendered":"Blemish Control Bar"},"content":{"rendered":"<p>Preparat oczyszczaj\u0105cy do sk\u00f3ry problematycznej, tr\u0105dzikowej, t\u0142ustej i mieszanej. Wykazuje dzia\u0142anie przeciwzapalne, zapobiega powstawaniu zask\u00f3rnik\u00f3w oraz reguluje wydzielanie sebum. Ponadto wyr\u00f3wnuje koloryt i niweluje podra\u017cnienia sk\u00f3ry. Pozostawia delikatn\u0105 warstw\u0119 ochronn\u0105, dzi\u0119ki czemu zabezpiecza i uszczelnia barier\u0119 hydrolipidow\u0105.<\/p>\n<p><strong>Wskazania:<\/strong> sk\u00f3ra t\u0142usta, sk\u00f3ra mieszana, sk\u00f3ra tr\u0105dzikowa, zanieczyszczone pory, \u0142ojotokowe zapalenie sk\u00f3ry, przed\u0142u\u017cenie efekt\u00f3w terapii przeciwtr\u0105dzikowej.<\/p>\n<p><strong>Spos\u00f3b u\u017cycia:<\/strong> Zwil\u017cy\u0107 do\u0142\u0105czon\u0105 g\u0105bk\u0119 i po\u0142\u0105czy\u0107 z niewielk\u0105 ilo\u015bci\u0105 myd\u0142a, tworz\u0105c kremow\u0105 pian\u0119. Na\u0142o\u017cy\u0107 na sk\u00f3r\u0119, zrobi\u0107 masa\u017c, a nast\u0119pnie dok\u0142adnie sp\u0142uka\u0107 i osuszy\u0107.<\/p>\n<p>UWAGA: Przechowywa\u0107 g\u0105bk\u0119 na zewn\u0105trz s\u0142oika.<\/p>\n<p><strong>Sk\u0142adniki aktywne: <\/strong>2% kwas salicylowy, olejek z li\u015bci eukaliptusa, witamina E, kwas azelainowy, sok z li\u015bci aloesu, gliceryna.<\/p>\n","protected":false},"excerpt":{"rendered":"<ul>\n<li>Myde\u0142ko do sk\u00f3ry t\u0142ustej, mieszanej, tr\u0105dzikowej<\/li>\n<li>92,4g<\/li>\n<\/ul>\n","protected":false},"featured_media":8166,"template":"","meta":[],"product_cat":[219],"product_tag":[],"acf":[],"yoast_head":"<!-- This site is optimized with the Yoast SEO plugin v19.3 - https:\/\/yoast.com\/wordpress\/plugins\/seo\/ -->\n<title>Blemish Control Bar - BEAUTY SHOP Wroniszewska<\/title>\n<meta name=\"robots\" content=\"index, follow, max-snippet:-1, max-image-preview:large, max-video-preview:-1\" \/>\n<link rel=\"canonical\" href=\"https:\/\/wroniszewska.pl\/beautyshop\/produkt\/blemish-control-bar\/\" \/>\n<meta property=\"og:locale\" content=\"pl_PL\" \/>\n<meta property=\"og:type\" content=\"article\" \/>\n<meta property=\"og:title\" content=\"Blemish Control Bar - BEAUTY SHOP Wroniszewska\" \/>\n<meta property=\"og:description\" content=\"Myde\u0142ko do sk\u00f3ry t\u0142ustej, mieszanej, tr\u0105dzikowej  92,4g\" \/>\n<meta property=\"og:url\" content=\"https:\/\/wroniszewska.pl\/beautyshop\/produkt\/blemish-control-bar\/\" \/>\n<meta property=\"og:site_name\" content=\"BEAUTY SHOP Wroniszewska\" \/>\n<meta property=\"article:modified_time\" content=\"2023-02-06T18:09:35+00:00\" \/>\n<meta property=\"og:image\" content=\"https:\/\/wroniszewska.pl\/beautyshop\/wp-content\/uploads\/sites\/2\/2022\/03\/Blemish-Control-Bar.jpg\" \/>\n\t<meta property=\"og:image:width\" content=\"1050\" \/>\n\t<meta property=\"og:image:height\" content=\"1420\" \/>\n\t<meta property=\"og:image:type\" content=\"image\/jpeg\" \/>\n<meta name=\"twitter:card\" content=\"summary_large_image\" \/>\n<meta name=\"twitter:label1\" content=\"Szacowany czas czytania\" \/>\n\t<meta name=\"twitter:data1\" content=\"1 minuta\" \/>\n<script type=\"application\/ld+json\" class=\"yoast-schema-graph\">{\"@context\":\"https:\/\/schema.org\",\"@graph\":[{\"@type\":\"WebSite\",\"@id\":\"https:\/\/wroniszewska.pl\/beautyshop\/#website\",\"url\":\"https:\/\/wroniszewska.pl\/beautyshop\/\",\"name\":\"BEAUTY SHOP Wroniszewska\",\"description\":\"Kosmetyki profesjonalnych marek: PCA Skin, ProXN, Meder Beauty, Cell Fusion C Expert, Cell Fusion C\",\"potentialAction\":[{\"@type\":\"SearchAction\",\"target\":{\"@type\":\"EntryPoint\",\"urlTemplate\":\"https:\/\/wroniszewska.pl\/beautyshop\/?s={search_term_string}\"},\"query-input\":\"required name=search_term_string\"}],\"inLanguage\":\"pl-PL\"},{\"@type\":\"ImageObject\",\"inLanguage\":\"pl-PL\",\"@id\":\"https:\/\/wroniszewska.pl\/beautyshop\/produkt\/blemish-control-bar\/#primaryimage\",\"url\":\"https:\/\/wroniszewska.pl\/beautyshop\/wp-content\/uploads\/sites\/2\/2022\/03\/Blemish-Control-Bar.jpg\",\"contentUrl\":\"https:\/\/wroniszewska.pl\/beautyshop\/wp-content\/uploads\/sites\/2\/2022\/03\/Blemish-Control-Bar.jpg\",\"width\":1050,\"height\":1420},{\"@type\":\"WebPage\",\"@id\":\"https:\/\/wroniszewska.pl\/beautyshop\/produkt\/blemish-control-bar\/\",\"url\":\"https:\/\/wroniszewska.pl\/beautyshop\/produkt\/blemish-control-bar\/\",\"name\":\"Blemish Control Bar - BEAUTY SHOP Wroniszewska\",\"isPartOf\":{\"@id\":\"https:\/\/wroniszewska.pl\/beautyshop\/#website\"},\"primaryImageOfPage\":{\"@id\":\"https:\/\/wroniszewska.pl\/beautyshop\/produkt\/blemish-control-bar\/#primaryimage\"},\"datePublished\":\"2022-03-14T11:57:37+00:00\",\"dateModified\":\"2023-02-06T18:09:35+00:00\",\"breadcrumb\":{\"@id\":\"https:\/\/wroniszewska.pl\/beautyshop\/produkt\/blemish-control-bar\/#breadcrumb\"},\"inLanguage\":\"pl-PL\",\"potentialAction\":[{\"@type\":\"ReadAction\",\"target\":[\"https:\/\/wroniszewska.pl\/beautyshop\/produkt\/blemish-control-bar\/\"]}]},{\"@type\":\"BreadcrumbList\",\"@id\":\"https:\/\/wroniszewska.pl\/beautyshop\/produkt\/blemish-control-bar\/#breadcrumb\",\"itemListElement\":[{\"@type\":\"ListItem\",\"position\":1,\"name\":\"Strona g\u0142\u00f3wna\",\"item\":\"https:\/\/wroniszewska.pl\/beautyshop\/\"},{\"@type\":\"ListItem\",\"position\":2,\"name\":\"Produkty\",\"item\":\"https:\/\/wroniszewska.pl\/beautyshop\/produkty\/\"},{\"@type\":\"ListItem\",\"position\":3,\"name\":\"Blemish Control Bar\"}]}]}<\/script>\n<!-- \/ Yoast SEO plugin. -->","yoast_head_json":{"title":"Blemish Control Bar - BEAUTY SHOP Wroniszewska","robots":{"index":"index","follow":"follow","max-snippet":"max-snippet:-1","max-image-preview":"max-image-preview:large","max-video-preview":"max-video-preview:-1"},"canonical":"https:\/\/wroniszewska.pl\/beautyshop\/produkt\/blemish-control-bar\/","og_locale":"pl_PL","og_type":"article","og_title":"Blemish Control Bar - BEAUTY SHOP Wroniszewska","og_description":"Myde\u0142ko do sk\u00f3ry t\u0142ustej, mieszanej, tr\u0105dzikowej  92,4g","og_url":"https:\/\/wroniszewska.pl\/beautyshop\/produkt\/blemish-control-bar\/","og_site_name":"BEAUTY SHOP Wroniszewska","article_modified_time":"2023-02-06T18:09:35+00:00","og_image":[{"width":1050,"height":1420,"url":"https:\/\/wroniszewska.pl\/beautyshop\/wp-content\/uploads\/sites\/2\/2022\/03\/Blemish-Control-Bar.jpg","type":"image\/jpeg"}],"twitter_card":"summary_large_image","twitter_misc":{"Szacowany czas czytania":"1 minuta"},"schema":{"@context":"https:\/\/schema.org","@graph":[{"@type":"WebSite","@id":"https:\/\/wroniszewska.pl\/beautyshop\/#website","url":"https:\/\/wroniszewska.pl\/beautyshop\/","name":"BEAUTY SHOP Wroniszewska","description":"Kosmetyki profesjonalnych marek: PCA Skin, ProXN, Meder Beauty, Cell Fusion C Expert, Cell Fusion C","potentialAction":[{"@type":"SearchAction","target":{"@type":"EntryPoint","urlTemplate":"https:\/\/wroniszewska.pl\/beautyshop\/?s={search_term_string}"},"query-input":"required name=search_term_string"}],"inLanguage":"pl-PL"},{"@type":"ImageObject","inLanguage":"pl-PL","@id":"https:\/\/wroniszewska.pl\/beautyshop\/produkt\/blemish-control-bar\/#primaryimage","url":"https:\/\/wroniszewska.pl\/beautyshop\/wp-content\/uploads\/sites\/2\/2022\/03\/Blemish-Control-Bar.jpg","contentUrl":"https:\/\/wroniszewska.pl\/beautyshop\/wp-content\/uploads\/sites\/2\/2022\/03\/Blemish-Control-Bar.jpg","width":1050,"height":1420},{"@type":"WebPage","@id":"https:\/\/wroniszewska.pl\/beautyshop\/produkt\/blemish-control-bar\/","url":"https:\/\/wroniszewska.pl\/beautyshop\/produkt\/blemish-control-bar\/","name":"Blemish Control Bar - BEAUTY SHOP Wroniszewska","isPartOf":{"@id":"https:\/\/wroniszewska.pl\/beautyshop\/#website"},"primaryImageOfPage":{"@id":"https:\/\/wroniszewska.pl\/beautyshop\/produkt\/blemish-control-bar\/#primaryimage"},"datePublished":"2022-03-14T11:57:37+00:00","dateModified":"2023-02-06T18:09:35+00:00","breadcrumb":{"@id":"https:\/\/wroniszewska.pl\/beautyshop\/produkt\/blemish-control-bar\/#breadcrumb"},"inLanguage":"pl-PL","potentialAction":[{"@type":"ReadAction","target":["https:\/\/wroniszewska.pl\/beautyshop\/produkt\/blemish-control-bar\/"]}]},{"@type":"BreadcrumbList","@id":"https:\/\/wroniszewska.pl\/beautyshop\/produkt\/blemish-control-bar\/#breadcrumb","itemListElement":[{"@type":"ListItem","position":1,"name":"Strona g\u0142\u00f3wna","item":"https:\/\/wroniszewska.pl\/beautyshop\/"},{"@type":"ListItem","position":2,"name":"Produkty","item":"https:\/\/wroniszewska.pl\/beautyshop\/produkty\/"},{"@type":"ListItem","position":3,"name":"Blemish Control Bar"}]}]}},"_links":{"self":[{"href":"https:\/\/wroniszewska.pl\/beautyshop\/wp-json\/wp\/v2\/product\/8165"}],"collection":[{"href":"https:\/\/wroniszewska.pl\/beautyshop\/wp-json\/wp\/v2\/product"}],"about":[{"href":"https:\/\/wroniszewska.pl\/beautyshop\/wp-json\/wp\/v2\/types\/product"}],"wp:featuredmedia":[{"embeddable":true,"href":"https:\/\/wroniszewska.pl\/beautyshop\/wp-json\/wp\/v2\/media\/8166"}],"wp:attachment":[{"href":"https:\/\/wroniszewska.pl\/beautyshop\/wp-json\/wp\/v2\/media?parent=8165"}],"wp:term":[{"taxonomy":"product_cat","embeddable":true,"href":"https:\/\/wroniszewska.pl\/beautyshop\/wp-json\/wp\/v2\/product_cat?post=8165"},{"taxonomy":"product_tag","embeddable":true,"href":"https:\/\/wroniszewska.pl\/beautyshop\/wp-json\/wp\/v2\/product_tag?post=8165"}],"curies":[{"name":"wp","href":"https:\/\/api.w.org\/{rel}","templated":true}]}}