{"id":8144,"date":"2022-03-14T12:27:40","date_gmt":"2022-03-14T11:27:40","guid":{"rendered":"https:\/\/wroniszewska.pl\/beautyshop\/?post_type=product&#038;p=8144"},"modified":"2022-09-08T18:12:15","modified_gmt":"2022-09-08T16:12:15","slug":"aquaporin-cream","status":"publish","type":"product","link":"https:\/\/wroniszewska.pl\/beautyshop\/produkt\/aquaporin-cream\/","title":{"rendered":"Aquaporin Cream"},"content":{"rendered":"<p>Krem dla sk\u00f3ry suchej, szorstkiej, pozbawionej wilgoci. Zawiera w swoim sk\u0142adzie glukozyd glicerolu otrzymany z R\u00f3\u017cy Pustyni, kt\u00f3ry aktywuje naturalne kana\u0142y wodne umo\u017cliwiaj\u0105ce przetransportowanie sk\u0142adnik\u00f3w aktywnych w g\u0142\u0105b sk\u00f3ry. Zawiera w swoim sk\u0142adzie a\u017c 7 form kwasu hialuronowego, kt\u00f3ry znany jest ze swoich zdolno\u015bci wi\u0105zania du\u017co wi\u0119kszej ilo\u015bci wody ni\u017c sam wa\u017cy. Dzi\u0119ki czemu odbudowuje barier\u0119 hydrolipidow\u0105 sk\u00f3ry oraz zatrzymuje i magazynuje wilgo\u0107 w wewn\u0119trznych warstwach sk\u00f3ry. Krem poprzez aktywacj\u0119 akwaporyn wykazuje tak\u017ce zdolno\u015b\u0107 do obni\u017cania temperatury sk\u00f3ry. Koi i \u0142agodzi podra\u017cnienia i stany zapalne sk\u00f3ry. Produkt stanowi doskona\u0142e uzupe\u0142nienie piel\u0119gnacji po zabiegach z zakresu kosmetologii i medycyny estetycznej, \u0142agodzi poparzenia s\u0142oneczne.<\/p>\n<p><strong>Wskazania:<\/strong> sk\u00f3ra odwoniona, sk\u00f3ra wra\u017cliwa, po zabiegach estetycznych, przyspieszenie regeneracji sk\u00f3ry, podra\u017cnienia, sk\u00f3ra nara\u017cone na czynniki zewn\u0119trzne tj. klimatyzacja, ogrzewane pomieszczenia<\/p>\n<p><strong>Spos\u00f3b u\u017cycia:<\/strong> Na\u0142o\u017cy\u0107 na oczyszczon\u0105 sk\u00f3r\u0119, rano i wieczorem lub wedle potrzeb.<\/p>\n<p><strong>Sk\u0142adniki aktywne: <\/strong>glukozyd glicerolu, kwas hialuronowy, pentawityna, ekstrakt z w\u0105krotki azjatyckiej, arginina, PCA, beta glukan<\/p>\n","protected":false},"excerpt":{"rendered":"<ul>\n<li>krem silnie nawil\u017caj\u0105cy<\/li>\n<li>50ml<\/li>\n<\/ul>\n","protected":false},"featured_media":8552,"template":"","meta":[],"product_cat":[140],"product_tag":[],"acf":[],"yoast_head":"<!-- This site is optimized with the Yoast SEO plugin v19.3 - https:\/\/yoast.com\/wordpress\/plugins\/seo\/ -->\n<title>Aquaporin Cream - BEAUTY SHOP Wroniszewska<\/title>\n<meta name=\"robots\" content=\"index, follow, max-snippet:-1, max-image-preview:large, max-video-preview:-1\" \/>\n<link rel=\"canonical\" href=\"https:\/\/wroniszewska.pl\/beautyshop\/produkt\/aquaporin-cream\/\" \/>\n<meta property=\"og:locale\" content=\"pl_PL\" \/>\n<meta property=\"og:type\" content=\"article\" \/>\n<meta property=\"og:title\" content=\"Aquaporin Cream - BEAUTY SHOP Wroniszewska\" \/>\n<meta property=\"og:description\" content=\"krem silnie nawil\u017caj\u0105cy  50ml\" \/>\n<meta property=\"og:url\" content=\"https:\/\/wroniszewska.pl\/beautyshop\/produkt\/aquaporin-cream\/\" \/>\n<meta property=\"og:site_name\" content=\"BEAUTY SHOP Wroniszewska\" \/>\n<meta property=\"article:modified_time\" content=\"2022-09-08T16:12:15+00:00\" \/>\n<meta property=\"og:image\" content=\"https:\/\/wroniszewska.pl\/beautyshop\/wp-content\/uploads\/sites\/2\/2022\/03\/aquaporin-cream-1.jpg\" \/>\n\t<meta property=\"og:image:width\" content=\"1050\" \/>\n\t<meta property=\"og:image:height\" content=\"1050\" \/>\n\t<meta property=\"og:image:type\" content=\"image\/jpeg\" \/>\n<meta name=\"twitter:card\" content=\"summary_large_image\" \/>\n<meta name=\"twitter:label1\" content=\"Szacowany czas czytania\" \/>\n\t<meta name=\"twitter:data1\" content=\"1 minuta\" \/>\n<script type=\"application\/ld+json\" class=\"yoast-schema-graph\">{\"@context\":\"https:\/\/schema.org\",\"@graph\":[{\"@type\":\"WebSite\",\"@id\":\"https:\/\/wroniszewska.pl\/beautyshop\/#website\",\"url\":\"https:\/\/wroniszewska.pl\/beautyshop\/\",\"name\":\"BEAUTY SHOP Wroniszewska\",\"description\":\"Kosmetyki profesjonalnych marek: PCA Skin, ProXN, Meder Beauty, Cell Fusion C Expert, Cell Fusion C\",\"potentialAction\":[{\"@type\":\"SearchAction\",\"target\":{\"@type\":\"EntryPoint\",\"urlTemplate\":\"https:\/\/wroniszewska.pl\/beautyshop\/?s={search_term_string}\"},\"query-input\":\"required name=search_term_string\"}],\"inLanguage\":\"pl-PL\"},{\"@type\":\"ImageObject\",\"inLanguage\":\"pl-PL\",\"@id\":\"https:\/\/wroniszewska.pl\/beautyshop\/produkt\/aquaporin-cream\/#primaryimage\",\"url\":\"https:\/\/wroniszewska.pl\/beautyshop\/wp-content\/uploads\/sites\/2\/2022\/03\/aquaporin-cream-1.jpg\",\"contentUrl\":\"https:\/\/wroniszewska.pl\/beautyshop\/wp-content\/uploads\/sites\/2\/2022\/03\/aquaporin-cream-1.jpg\",\"width\":1050,\"height\":1050},{\"@type\":\"WebPage\",\"@id\":\"https:\/\/wroniszewska.pl\/beautyshop\/produkt\/aquaporin-cream\/\",\"url\":\"https:\/\/wroniszewska.pl\/beautyshop\/produkt\/aquaporin-cream\/\",\"name\":\"Aquaporin Cream - BEAUTY SHOP Wroniszewska\",\"isPartOf\":{\"@id\":\"https:\/\/wroniszewska.pl\/beautyshop\/#website\"},\"primaryImageOfPage\":{\"@id\":\"https:\/\/wroniszewska.pl\/beautyshop\/produkt\/aquaporin-cream\/#primaryimage\"},\"datePublished\":\"2022-03-14T11:27:40+00:00\",\"dateModified\":\"2022-09-08T16:12:15+00:00\",\"breadcrumb\":{\"@id\":\"https:\/\/wroniszewska.pl\/beautyshop\/produkt\/aquaporin-cream\/#breadcrumb\"},\"inLanguage\":\"pl-PL\",\"potentialAction\":[{\"@type\":\"ReadAction\",\"target\":[\"https:\/\/wroniszewska.pl\/beautyshop\/produkt\/aquaporin-cream\/\"]}]},{\"@type\":\"BreadcrumbList\",\"@id\":\"https:\/\/wroniszewska.pl\/beautyshop\/produkt\/aquaporin-cream\/#breadcrumb\",\"itemListElement\":[{\"@type\":\"ListItem\",\"position\":1,\"name\":\"Strona g\u0142\u00f3wna\",\"item\":\"https:\/\/wroniszewska.pl\/beautyshop\/\"},{\"@type\":\"ListItem\",\"position\":2,\"name\":\"Produkty\",\"item\":\"https:\/\/wroniszewska.pl\/beautyshop\/produkty\/\"},{\"@type\":\"ListItem\",\"position\":3,\"name\":\"Aquaporin Cream\"}]}]}<\/script>\n<!-- \/ Yoast SEO plugin. -->","yoast_head_json":{"title":"Aquaporin Cream - BEAUTY SHOP Wroniszewska","robots":{"index":"index","follow":"follow","max-snippet":"max-snippet:-1","max-image-preview":"max-image-preview:large","max-video-preview":"max-video-preview:-1"},"canonical":"https:\/\/wroniszewska.pl\/beautyshop\/produkt\/aquaporin-cream\/","og_locale":"pl_PL","og_type":"article","og_title":"Aquaporin Cream - BEAUTY SHOP Wroniszewska","og_description":"krem silnie nawil\u017caj\u0105cy  50ml","og_url":"https:\/\/wroniszewska.pl\/beautyshop\/produkt\/aquaporin-cream\/","og_site_name":"BEAUTY SHOP Wroniszewska","article_modified_time":"2022-09-08T16:12:15+00:00","og_image":[{"width":1050,"height":1050,"url":"https:\/\/wroniszewska.pl\/beautyshop\/wp-content\/uploads\/sites\/2\/2022\/03\/aquaporin-cream-1.jpg","type":"image\/jpeg"}],"twitter_card":"summary_large_image","twitter_misc":{"Szacowany czas czytania":"1 minuta"},"schema":{"@context":"https:\/\/schema.org","@graph":[{"@type":"WebSite","@id":"https:\/\/wroniszewska.pl\/beautyshop\/#website","url":"https:\/\/wroniszewska.pl\/beautyshop\/","name":"BEAUTY SHOP Wroniszewska","description":"Kosmetyki profesjonalnych marek: PCA Skin, ProXN, Meder Beauty, Cell Fusion C Expert, Cell Fusion C","potentialAction":[{"@type":"SearchAction","target":{"@type":"EntryPoint","urlTemplate":"https:\/\/wroniszewska.pl\/beautyshop\/?s={search_term_string}"},"query-input":"required name=search_term_string"}],"inLanguage":"pl-PL"},{"@type":"ImageObject","inLanguage":"pl-PL","@id":"https:\/\/wroniszewska.pl\/beautyshop\/produkt\/aquaporin-cream\/#primaryimage","url":"https:\/\/wroniszewska.pl\/beautyshop\/wp-content\/uploads\/sites\/2\/2022\/03\/aquaporin-cream-1.jpg","contentUrl":"https:\/\/wroniszewska.pl\/beautyshop\/wp-content\/uploads\/sites\/2\/2022\/03\/aquaporin-cream-1.jpg","width":1050,"height":1050},{"@type":"WebPage","@id":"https:\/\/wroniszewska.pl\/beautyshop\/produkt\/aquaporin-cream\/","url":"https:\/\/wroniszewska.pl\/beautyshop\/produkt\/aquaporin-cream\/","name":"Aquaporin Cream - BEAUTY SHOP Wroniszewska","isPartOf":{"@id":"https:\/\/wroniszewska.pl\/beautyshop\/#website"},"primaryImageOfPage":{"@id":"https:\/\/wroniszewska.pl\/beautyshop\/produkt\/aquaporin-cream\/#primaryimage"},"datePublished":"2022-03-14T11:27:40+00:00","dateModified":"2022-09-08T16:12:15+00:00","breadcrumb":{"@id":"https:\/\/wroniszewska.pl\/beautyshop\/produkt\/aquaporin-cream\/#breadcrumb"},"inLanguage":"pl-PL","potentialAction":[{"@type":"ReadAction","target":["https:\/\/wroniszewska.pl\/beautyshop\/produkt\/aquaporin-cream\/"]}]},{"@type":"BreadcrumbList","@id":"https:\/\/wroniszewska.pl\/beautyshop\/produkt\/aquaporin-cream\/#breadcrumb","itemListElement":[{"@type":"ListItem","position":1,"name":"Strona g\u0142\u00f3wna","item":"https:\/\/wroniszewska.pl\/beautyshop\/"},{"@type":"ListItem","position":2,"name":"Produkty","item":"https:\/\/wroniszewska.pl\/beautyshop\/produkty\/"},{"@type":"ListItem","position":3,"name":"Aquaporin Cream"}]}]}},"_links":{"self":[{"href":"https:\/\/wroniszewska.pl\/beautyshop\/wp-json\/wp\/v2\/product\/8144"}],"collection":[{"href":"https:\/\/wroniszewska.pl\/beautyshop\/wp-json\/wp\/v2\/product"}],"about":[{"href":"https:\/\/wroniszewska.pl\/beautyshop\/wp-json\/wp\/v2\/types\/product"}],"wp:featuredmedia":[{"embeddable":true,"href":"https:\/\/wroniszewska.pl\/beautyshop\/wp-json\/wp\/v2\/media\/8552"}],"wp:attachment":[{"href":"https:\/\/wroniszewska.pl\/beautyshop\/wp-json\/wp\/v2\/media?parent=8144"}],"wp:term":[{"taxonomy":"product_cat","embeddable":true,"href":"https:\/\/wroniszewska.pl\/beautyshop\/wp-json\/wp\/v2\/product_cat?post=8144"},{"taxonomy":"product_tag","embeddable":true,"href":"https:\/\/wroniszewska.pl\/beautyshop\/wp-json\/wp\/v2\/product_tag?post=8144"}],"curies":[{"name":"wp","href":"https:\/\/api.w.org\/{rel}","templated":true}]}}