{"id":272,"date":"2020-05-13T02:12:51","date_gmt":"2020-05-13T00:12:51","guid":{"rendered":"http:\/\/wroniszewska.pl\/beautyshop\/?post_type=product&#038;p=272"},"modified":"2023-01-21T14:31:57","modified_gmt":"2023-01-21T13:31:57","slug":"ebook-tradzik-rozowaty","status":"publish","type":"product","link":"https:\/\/wroniszewska.pl\/beautyshop\/produkt\/ebook-tradzik-rozowaty\/","title":{"rendered":"Ebook Tr\u0105dzik R\u00f3\u017cowaty"},"content":{"rendered":"<p>&#8222;&#8230;arsena\u0142 dzisiejszych metod leczenia jest du\u017cy, a terapia mo\u017ce by\u0107 skuteczna i przynie\u015b\u0107 stabilne efekty. Jednak drogi sprz\u0119t i dost\u0119p do lek\u00f3w nie wystarcz\u0105, je\u015bli nie zwr\u00f3cisz szczeg\u00f3lnej uwagi na pacjenta, jego indywidualne cechy, osobowo\u015b\u0107, nawyki i styl \u017cycia. Tr\u0105dzik r\u00f3\u017cowaty jest chorob\u0105 niemo\u017cliw\u0105 do 100% wyleczenia. Terapia odbywa si\u0119 w modelu paternalistyczny \u2013 musisz wnikliwie przeanalizowa\u0107 wszystkie objawy, przekona\u0107 a czasem wr\u0119cz narzuci\u0107 przestrzeganie zalece\u0144 i koordynowa\u0107 ca\u0142ym procesem leczenia. Udana terapia wymaga pe\u0142nego zaufania i wsp\u00f3\u0142pracy profesjonalista (lekarz, kosmetolog) \u2013 pacjent, wzajemnego zrozumienia i d\u0142ugiej, wytrwa\u0142ej i \u017cmudnej pracy ka\u017cdego dnia.&#8221;<\/p>\n<p>SPIS TRE\u015aCI<br \/>\n____________<\/p>\n<p>Rozdzia\u0142 I<br \/>\nB\u00d3L I NADZIEJA<\/p>\n<p>1. Rozs\u0105dek i Wra\u017cliwo\u015b\u0107<br \/>\n2. Jak i Dlaczego?<br \/>\n3. Zdrowie czy Wolno\u015b\u0107?<br \/>\n4. Mikro-przyjaciele i Mikro-wrogowie<br \/>\n5. Diagnoza: wielka odpowiedzialno\u015b\u0107<br \/>\n6. Konsultacja: raz, dwa, trzy<\/p>\n<p>Rozdzia\u0142 II<br \/>\nKOMUNIKACJA I TERAPIA<\/p>\n<p>1. Triada tr\u0105dziku r\u00f3\u017cowatego<br \/>\n2. Posta\u0107 rumieniowo-teleangiektatyczna (ETR)<br \/>\n3. Posta\u0107 grudkowo-krostkowa<br \/>\n4. Ci\u0119\u017cka posta\u0107 tr\u0105dziku r\u00f3\u017cowatego<br \/>\n5. Zasady terapii<br \/>\n6. Regulamin domowy w tr\u0105dziku r\u00f3\u017cowatym<br \/>\n7. Piel\u0119gnacja sk\u00f3ry<br \/>\n8. Meder Beauty Science: neuroterapia przyjazna dla mikrobiomu<br \/>\n9. Terapia dermatologiczna<br \/>\n10. Widmo, energia i szeroko\u015b\u0107!<br \/>\n11. Podsumowanie<\/p>\n","protected":false},"excerpt":{"rendered":"<p>Tr\u0105dzik r\u00f3\u017cowaty jest z\u0142o\u017con\u0105, wieloaspektow\u0105 i wci\u0105\u017c niedostatecznie zbadan\u0105 chorob\u0105. 34 stronicowy ebook zawiera informacje i porady marki Meder Beauty, kt\u00f3re pomog\u0105 lepiej zrozumie\u0107 i okie\u0142zna\u0107 t\u0105 podst\u0119pn\u0105 chorob\u0119 sk\u00f3ry.<\/p>\n","protected":false},"featured_media":8558,"template":"","meta":[],"product_cat":[73],"product_tag":[74],"acf":[],"yoast_head":"<!-- This site is optimized with the Yoast SEO plugin v19.3 - https:\/\/yoast.com\/wordpress\/plugins\/seo\/ -->\n<title>Ebook Tr\u0105dzik R\u00f3\u017cowaty - BEAUTY SHOP Wroniszewska<\/title>\n<meta name=\"robots\" content=\"index, follow, max-snippet:-1, max-image-preview:large, max-video-preview:-1\" \/>\n<link rel=\"canonical\" href=\"https:\/\/wroniszewska.pl\/beautyshop\/produkt\/ebook-tradzik-rozowaty\/\" \/>\n<meta property=\"og:locale\" content=\"pl_PL\" \/>\n<meta property=\"og:type\" content=\"article\" \/>\n<meta property=\"og:title\" content=\"Ebook Tr\u0105dzik R\u00f3\u017cowaty - BEAUTY SHOP Wroniszewska\" \/>\n<meta property=\"og:description\" content=\"Tr\u0105dzik r\u00f3\u017cowaty jest z\u0142o\u017con\u0105, wieloaspektow\u0105 i wci\u0105\u017c niedostatecznie zbadan\u0105 chorob\u0105. 34 stronicowy ebook zawiera informacje i porady marki Meder Beauty, kt\u00f3re pomog\u0105 lepiej zrozumie\u0107 i okie\u0142zna\u0107 t\u0105 podst\u0119pn\u0105 chorob\u0119 sk\u00f3ry.\" \/>\n<meta property=\"og:url\" content=\"https:\/\/wroniszewska.pl\/beautyshop\/produkt\/ebook-tradzik-rozowaty\/\" \/>\n<meta property=\"og:site_name\" content=\"BEAUTY SHOP Wroniszewska\" \/>\n<meta property=\"article:modified_time\" content=\"2023-01-21T13:31:57+00:00\" \/>\n<meta property=\"og:image\" content=\"https:\/\/wroniszewska.pl\/beautyshop\/wp-content\/uploads\/sites\/2\/2020\/05\/ebook.jpg\" \/>\n\t<meta property=\"og:image:width\" content=\"1050\" \/>\n\t<meta property=\"og:image:height\" content=\"1050\" \/>\n\t<meta property=\"og:image:type\" content=\"image\/jpeg\" \/>\n<meta name=\"twitter:card\" content=\"summary_large_image\" \/>\n<meta name=\"twitter:label1\" content=\"Szacowany czas czytania\" \/>\n\t<meta name=\"twitter:data1\" content=\"2 minuty\" \/>\n<script type=\"application\/ld+json\" class=\"yoast-schema-graph\">{\"@context\":\"https:\/\/schema.org\",\"@graph\":[{\"@type\":\"WebSite\",\"@id\":\"https:\/\/wroniszewska.pl\/beautyshop\/#website\",\"url\":\"https:\/\/wroniszewska.pl\/beautyshop\/\",\"name\":\"BEAUTY SHOP Wroniszewska\",\"description\":\"Kosmetyki profesjonalnych marek: PCA Skin, ProXN, Meder Beauty, Cell Fusion C Expert, Cell Fusion C\",\"potentialAction\":[{\"@type\":\"SearchAction\",\"target\":{\"@type\":\"EntryPoint\",\"urlTemplate\":\"https:\/\/wroniszewska.pl\/beautyshop\/?s={search_term_string}\"},\"query-input\":\"required name=search_term_string\"}],\"inLanguage\":\"pl-PL\"},{\"@type\":\"ImageObject\",\"inLanguage\":\"pl-PL\",\"@id\":\"https:\/\/wroniszewska.pl\/beautyshop\/produkt\/ebook-tradzik-rozowaty\/#primaryimage\",\"url\":\"https:\/\/wroniszewska.pl\/beautyshop\/wp-content\/uploads\/sites\/2\/2020\/05\/ebook.jpg\",\"contentUrl\":\"https:\/\/wroniszewska.pl\/beautyshop\/wp-content\/uploads\/sites\/2\/2020\/05\/ebook.jpg\",\"width\":1050,\"height\":1050},{\"@type\":\"WebPage\",\"@id\":\"https:\/\/wroniszewska.pl\/beautyshop\/produkt\/ebook-tradzik-rozowaty\/\",\"url\":\"https:\/\/wroniszewska.pl\/beautyshop\/produkt\/ebook-tradzik-rozowaty\/\",\"name\":\"Ebook Tr\u0105dzik R\u00f3\u017cowaty - BEAUTY SHOP Wroniszewska\",\"isPartOf\":{\"@id\":\"https:\/\/wroniszewska.pl\/beautyshop\/#website\"},\"primaryImageOfPage\":{\"@id\":\"https:\/\/wroniszewska.pl\/beautyshop\/produkt\/ebook-tradzik-rozowaty\/#primaryimage\"},\"datePublished\":\"2020-05-13T00:12:51+00:00\",\"dateModified\":\"2023-01-21T13:31:57+00:00\",\"breadcrumb\":{\"@id\":\"https:\/\/wroniszewska.pl\/beautyshop\/produkt\/ebook-tradzik-rozowaty\/#breadcrumb\"},\"inLanguage\":\"pl-PL\",\"potentialAction\":[{\"@type\":\"ReadAction\",\"target\":[\"https:\/\/wroniszewska.pl\/beautyshop\/produkt\/ebook-tradzik-rozowaty\/\"]}]},{\"@type\":\"BreadcrumbList\",\"@id\":\"https:\/\/wroniszewska.pl\/beautyshop\/produkt\/ebook-tradzik-rozowaty\/#breadcrumb\",\"itemListElement\":[{\"@type\":\"ListItem\",\"position\":1,\"name\":\"Strona g\u0142\u00f3wna\",\"item\":\"https:\/\/wroniszewska.pl\/beautyshop\/\"},{\"@type\":\"ListItem\",\"position\":2,\"name\":\"Produkty\",\"item\":\"https:\/\/wroniszewska.pl\/beautyshop\/produkty\/\"},{\"@type\":\"ListItem\",\"position\":3,\"name\":\"Ebook Tr\u0105dzik R\u00f3\u017cowaty\"}]}]}<\/script>\n<!-- \/ Yoast SEO plugin. -->","yoast_head_json":{"title":"Ebook Tr\u0105dzik R\u00f3\u017cowaty - BEAUTY SHOP Wroniszewska","robots":{"index":"index","follow":"follow","max-snippet":"max-snippet:-1","max-image-preview":"max-image-preview:large","max-video-preview":"max-video-preview:-1"},"canonical":"https:\/\/wroniszewska.pl\/beautyshop\/produkt\/ebook-tradzik-rozowaty\/","og_locale":"pl_PL","og_type":"article","og_title":"Ebook Tr\u0105dzik R\u00f3\u017cowaty - BEAUTY SHOP Wroniszewska","og_description":"Tr\u0105dzik r\u00f3\u017cowaty jest z\u0142o\u017con\u0105, wieloaspektow\u0105 i wci\u0105\u017c niedostatecznie zbadan\u0105 chorob\u0105. 34 stronicowy ebook zawiera informacje i porady marki Meder Beauty, kt\u00f3re pomog\u0105 lepiej zrozumie\u0107 i okie\u0142zna\u0107 t\u0105 podst\u0119pn\u0105 chorob\u0119 sk\u00f3ry.","og_url":"https:\/\/wroniszewska.pl\/beautyshop\/produkt\/ebook-tradzik-rozowaty\/","og_site_name":"BEAUTY SHOP Wroniszewska","article_modified_time":"2023-01-21T13:31:57+00:00","og_image":[{"width":1050,"height":1050,"url":"https:\/\/wroniszewska.pl\/beautyshop\/wp-content\/uploads\/sites\/2\/2020\/05\/ebook.jpg","type":"image\/jpeg"}],"twitter_card":"summary_large_image","twitter_misc":{"Szacowany czas czytania":"2 minuty"},"schema":{"@context":"https:\/\/schema.org","@graph":[{"@type":"WebSite","@id":"https:\/\/wroniszewska.pl\/beautyshop\/#website","url":"https:\/\/wroniszewska.pl\/beautyshop\/","name":"BEAUTY SHOP Wroniszewska","description":"Kosmetyki profesjonalnych marek: PCA Skin, ProXN, Meder Beauty, Cell Fusion C Expert, Cell Fusion C","potentialAction":[{"@type":"SearchAction","target":{"@type":"EntryPoint","urlTemplate":"https:\/\/wroniszewska.pl\/beautyshop\/?s={search_term_string}"},"query-input":"required name=search_term_string"}],"inLanguage":"pl-PL"},{"@type":"ImageObject","inLanguage":"pl-PL","@id":"https:\/\/wroniszewska.pl\/beautyshop\/produkt\/ebook-tradzik-rozowaty\/#primaryimage","url":"https:\/\/wroniszewska.pl\/beautyshop\/wp-content\/uploads\/sites\/2\/2020\/05\/ebook.jpg","contentUrl":"https:\/\/wroniszewska.pl\/beautyshop\/wp-content\/uploads\/sites\/2\/2020\/05\/ebook.jpg","width":1050,"height":1050},{"@type":"WebPage","@id":"https:\/\/wroniszewska.pl\/beautyshop\/produkt\/ebook-tradzik-rozowaty\/","url":"https:\/\/wroniszewska.pl\/beautyshop\/produkt\/ebook-tradzik-rozowaty\/","name":"Ebook Tr\u0105dzik R\u00f3\u017cowaty - BEAUTY SHOP Wroniszewska","isPartOf":{"@id":"https:\/\/wroniszewska.pl\/beautyshop\/#website"},"primaryImageOfPage":{"@id":"https:\/\/wroniszewska.pl\/beautyshop\/produkt\/ebook-tradzik-rozowaty\/#primaryimage"},"datePublished":"2020-05-13T00:12:51+00:00","dateModified":"2023-01-21T13:31:57+00:00","breadcrumb":{"@id":"https:\/\/wroniszewska.pl\/beautyshop\/produkt\/ebook-tradzik-rozowaty\/#breadcrumb"},"inLanguage":"pl-PL","potentialAction":[{"@type":"ReadAction","target":["https:\/\/wroniszewska.pl\/beautyshop\/produkt\/ebook-tradzik-rozowaty\/"]}]},{"@type":"BreadcrumbList","@id":"https:\/\/wroniszewska.pl\/beautyshop\/produkt\/ebook-tradzik-rozowaty\/#breadcrumb","itemListElement":[{"@type":"ListItem","position":1,"name":"Strona g\u0142\u00f3wna","item":"https:\/\/wroniszewska.pl\/beautyshop\/"},{"@type":"ListItem","position":2,"name":"Produkty","item":"https:\/\/wroniszewska.pl\/beautyshop\/produkty\/"},{"@type":"ListItem","position":3,"name":"Ebook Tr\u0105dzik R\u00f3\u017cowaty"}]}]}},"_links":{"self":[{"href":"https:\/\/wroniszewska.pl\/beautyshop\/wp-json\/wp\/v2\/product\/272"}],"collection":[{"href":"https:\/\/wroniszewska.pl\/beautyshop\/wp-json\/wp\/v2\/product"}],"about":[{"href":"https:\/\/wroniszewska.pl\/beautyshop\/wp-json\/wp\/v2\/types\/product"}],"wp:featuredmedia":[{"embeddable":true,"href":"https:\/\/wroniszewska.pl\/beautyshop\/wp-json\/wp\/v2\/media\/8558"}],"wp:attachment":[{"href":"https:\/\/wroniszewska.pl\/beautyshop\/wp-json\/wp\/v2\/media?parent=272"}],"wp:term":[{"taxonomy":"product_cat","embeddable":true,"href":"https:\/\/wroniszewska.pl\/beautyshop\/wp-json\/wp\/v2\/product_cat?post=272"},{"taxonomy":"product_tag","embeddable":true,"href":"https:\/\/wroniszewska.pl\/beautyshop\/wp-json\/wp\/v2\/product_tag?post=272"}],"curies":[{"name":"wp","href":"https:\/\/api.w.org\/{rel}","templated":true}]}}